{"id":997,"date":"2025-05-14T13:38:05","date_gmt":"2025-05-14T11:38:05","guid":{"rendered":"https:\/\/lomina.es\/?post_type=product&#038;p=997"},"modified":"2025-05-21T21:08:41","modified_gmt":"2025-05-21T19:08:41","slug":"barbero-philips","status":"publish","type":"product","link":"https:\/\/lomina.es\/?product=barbero-philips","title":{"rendered":"Afeitadora Philips series 3000 &#8211; Cara y cabello"},"content":{"rendered":"<p>Tu imagen es lo primero, as\u00ed que cu\u00eddala cada d\u00eda con la afeitadora Philips Multigroom Series 3000 MG3730\/15 multifunci\u00f3n y no te descuides ni un momento. Cuenta con 8 cabezales para que pongas a punto tu barba, cabello, nariz y orejas arreglando tu vello facial con total comodidad.<\/p>\n","protected":false},"excerpt":{"rendered":"<p>CARACTER\u00cdSTICAS<\/p>\n<p><span class=\"a-list-item\"><strong>8 accesorios para recortar la cara y el pelo<\/strong>: ideal como barbero, cortapelos y recortador para orejas y nariz para hombres, 11 posiciones de longitud (0,5-16 mm).<\/span><\/p>\n<p><span class=\"a-list-item\"><strong>Recortador el\u00e9ctrico con cuchillas autoafilables de acero inoxidable:<\/strong>\u00a0 permanecen afiladas como el primer d\u00eda para un rendimiento duradero sin necesidad de lubricaci\u00f3n.<\/span><\/p>\n<p><span class=\"a-list-item\"><strong>Mant\u00e9n el pelo de la nariz y las orejas a raya<\/strong>: evita rasgu\u00f1os y cortes, ya que el recortador todo en uno elimina r\u00e1pidamente el vello no deseado de la nariz y las orejas.<\/span><\/p>\n<p><span class=\"a-list-item\"><strong>F\u00e1cil de usar, limpiar y mantener<\/strong>: las cuchillas y los peines-gu\u00eda se desmontan f\u00e1cilmente para una limpieza r\u00e1pida, los peines-gu\u00eda resistentes a impactos no se doblan ni se tuercen, 60 minutos de uso sin cable.<\/span><\/p>\n<p><span class=\"a-list-item\"><strong>El juego incluye<\/strong>: 1 mango Multigroom, 1 cuchilla met\u00e1lica, 1 recortador para nariz y orejas, 1 peine-gu\u00eda para barba ajustable de 3-7 mm, 2 peines-gu\u00eda para barba de dos d\u00edas, 3 peines-gu\u00eda para el pelo.<\/span><\/p>\n<p>&nbsp;<\/p>\n","protected":false},"featured_media":999,"comment_status":"open","ping_status":"closed","template":"","meta":{"om_disable_all_campaigns":false,"_monsterinsights_skip_tracking":false,"_monsterinsights_sitenote_active":false,"_monsterinsights_sitenote_note":"","_monsterinsights_sitenote_category":0,"site-sidebar-layout":"default","site-content-layout":"","ast-site-content-layout":"default","site-content-style":"default","site-sidebar-style":"default","ast-global-header-display":"","ast-banner-title-visibility":"","ast-main-header-display":"","ast-hfb-above-header-display":"","ast-hfb-below-header-display":"","ast-hfb-mobile-header-display":"","site-post-title":"","ast-breadcrumbs-content":"","ast-featured-img":"","footer-sml-layout":"","theme-transparent-header-meta":"default","adv-header-id-meta":"","stick-header-meta":"","header-above-stick-meta":"","header-main-stick-meta":"","header-below-stick-meta":"","astra-migrate-meta-layouts":"set","ast-page-background-enabled":"default","ast-page-background-meta":{"desktop":{"background-color":"var(--ast-global-color-4)","background-image":"","background-repeat":"repeat","background-position":"center center","background-size":"auto","background-attachment":"scroll","background-type":"","background-media":"","overlay-type":"","overlay-color":"","overlay-gradient":""},"tablet":{"background-color":"","background-image":"","background-repeat":"repeat","background-position":"center center","background-size":"auto","background-attachment":"scroll","background-type":"","background-media":"","overlay-type":"","overlay-color":"","overlay-gradient":""},"mobile":{"background-color":"","background-image":"","background-repeat":"repeat","background-position":"center center","background-size":"auto","background-attachment":"scroll","background-type":"","background-media":"","overlay-type":"","overlay-color":"","overlay-gradient":""}},"ast-content-background-meta":{"desktop":{"background-color":"var(--ast-global-color-5)","background-image":"","background-repeat":"repeat","background-position":"center center","background-size":"auto","background-attachment":"scroll","background-type":"","background-media":"","overlay-type":"","overlay-color":"","overlay-gradient":""},"tablet":{"background-color":"var(--ast-global-color-5)","background-image":"","background-repeat":"repeat","background-position":"center center","background-size":"auto","background-attachment":"scroll","background-type":"","background-media":"","overlay-type":"","overlay-color":"","overlay-gradient":""},"mobile":{"background-color":"var(--ast-global-color-5)","background-image":"","background-repeat":"repeat","background-position":"center center","background-size":"auto","background-attachment":"scroll","background-type":"","background-media":"","overlay-type":"","overlay-color":"","overlay-gradient":""}}},"product_cat":[66],"product_tag":[],"aioseo_notices":[],"jetpack_sharing_enabled":true,"_links":{"self":[{"href":"https:\/\/lomina.es\/index.php?rest_route=\/wp\/v2\/product\/997"}],"collection":[{"href":"https:\/\/lomina.es\/index.php?rest_route=\/wp\/v2\/product"}],"about":[{"href":"https:\/\/lomina.es\/index.php?rest_route=\/wp\/v2\/types\/product"}],"replies":[{"embeddable":true,"href":"https:\/\/lomina.es\/index.php?rest_route=%2Fwp%2Fv2%2Fcomments&post=997"}],"wp:featuredmedia":[{"embeddable":true,"href":"https:\/\/lomina.es\/index.php?rest_route=\/wp\/v2\/media\/999"}],"wp:attachment":[{"href":"https:\/\/lomina.es\/index.php?rest_route=%2Fwp%2Fv2%2Fmedia&parent=997"}],"wp:term":[{"taxonomy":"product_cat","embeddable":true,"href":"https:\/\/lomina.es\/index.php?rest_route=%2Fwp%2Fv2%2Fproduct_cat&post=997"},{"taxonomy":"product_tag","embeddable":true,"href":"https:\/\/lomina.es\/index.php?rest_route=%2Fwp%2Fv2%2Fproduct_tag&post=997"}],"curies":[{"name":"wp","href":"https:\/\/api.w.org\/{rel}","templated":true}]}}