{"id":2624,"date":"2026-01-14T14:22:21","date_gmt":"2026-01-14T13:22:21","guid":{"rendered":"https:\/\/lomina.es\/?post_type=product&#038;p=2624"},"modified":"2026-01-14T14:22:22","modified_gmt":"2026-01-14T13:22:22","slug":"secador-rowenta-2400w-rosa-y-cobre","status":"publish","type":"product","link":"https:\/\/lomina.es\/?product=secador-rowenta-2400w-rosa-y-cobre","title":{"rendered":"Secador Rowenta &#8211; 2400W &#8211; Rosa y cobre"},"content":{"rendered":"<p>El secador Rowenta 2400\u202fW Hybrid Volumen (modelo CV6135) es un secador de pelo potente y vers\u00e1til.<\/p>\n","protected":false},"excerpt":{"rendered":"<div class=\"flex flex-col text-sm pb-25\">\n<article class=\"text-token-text-primary w-full focus:outline-none [--shadow-height:45px] has-data-writing-block:pointer-events-none has-data-writing-block:-mt-(--shadow-height) has-data-writing-block:pt-(--shadow-height) [&amp;:has([data-writing-block])&gt;*]:pointer-events-auto scroll-mt-[calc(var(--header-height)+min(200px,max(70px,20svh)))]\" dir=\"auto\" tabindex=\"-1\" data-turn-id=\"request-WEB:eff7bb1c-7c9e-4dea-92e2-379b7f0ef65e-13\" data-testid=\"conversation-turn-28\" data-scroll-anchor=\"true\" data-turn=\"assistant\">\n<div class=\"text-base my-auto mx-auto pb-10 [--thread-content-margin:--spacing(4)] @w-sm\/main:[--thread-content-margin:--spacing(6)] @w-lg\/main:[--thread-content-margin:--spacing(16)] px-(--thread-content-margin)\">\n<div class=\"[--thread-content-max-width:40rem] @w-lg\/main:[--thread-content-max-width:48rem] mx-auto max-w-(--thread-content-max-width) flex-1 group\/turn-messages focus-visible:outline-hidden relative flex w-full min-w-0 flex-col agent-turn\" tabindex=\"-1\">\n<div class=\"flex max-w-full flex-col grow\">\n<div class=\"min-h-8 text-message relative flex w-full flex-col items-end gap-2 text-start break-words whitespace-normal [.text-message+&amp;]:mt-1\" dir=\"auto\" data-message-author-role=\"assistant\" data-message-id=\"02c4264a-fe1c-4f17-aa25-946699f9e42f\" data-message-model-slug=\"gpt-5-mini\">\n<div class=\"flex w-full flex-col gap-1 empty:hidden first:pt-[1px]\">\n<div class=\"markdown prose dark:prose-invert w-full break-words light markdown-new-styling\">\n<p><strong>Caracter\u00edsticas\u00a0<\/strong><\/p>\n<ul data-start=\"549\" data-end=\"1319\">\n<li data-start=\"549\" data-end=\"662\">\n<p data-start=\"551\" data-end=\"662\">Tecnolog\u00eda h\u00edbrida: Combina ventajas de distintos tipos de motor para un flujo de aire fuerte y eficaz.<\/p>\n<\/li>\n<li data-start=\"663\" data-end=\"759\">\n<p data-start=\"665\" data-end=\"759\">Potencia equivalente de 2400\u202fW: Suficiente para secar r\u00e1pidamente incluso cabellos densos.<\/p>\n<\/li>\n<li data-start=\"760\" data-end=\"855\">\n<p data-start=\"762\" data-end=\"855\">Generador de iones: Reduce el encrespamiento y deja el cabello m\u00e1s suave y brillante.<\/p>\n<\/li>\n<li data-start=\"856\" data-end=\"967\">\n<p data-start=\"858\" data-end=\"967\">Varios ajustes de temperatura y velocidad: Permite adaptar el secado al tipo de cabello y estilo deseado.<\/p>\n<\/li>\n<li data-start=\"968\" data-end=\"1037\">\n<p data-start=\"970\" data-end=\"1037\">Funci\u00f3n de aire fr\u00edo: Ayuda a fijar el peinado al terminar.<\/p>\n<\/li>\n<li data-start=\"1038\" data-end=\"1170\">\n<p data-start=\"1040\" data-end=\"1170\">Accesorios incluidos: Generalmente boquilla concentradora para peinados m\u00e1s precisos y difusor para dar volumen y textura.<\/p>\n<\/li>\n<li data-start=\"1171\" data-end=\"1265\">\n<p data-start=\"1173\" data-end=\"1265\">Dise\u00f1o c\u00f3modo y ergon\u00f3mico: Facilita el manejo diario con un cable de longitud adecuada.<\/p>\n<\/li>\n<li data-start=\"1266\" data-end=\"1319\">\n<p data-start=\"1268\" data-end=\"1319\">Color rosa y cobre: Estilo moderno y atractivo.<\/p>\n<\/li>\n<\/ul>\n<\/div>\n<\/div>\n<\/div>\n<\/div>\n<\/div>\n<\/div>\n<\/article>\n<\/div>\n","protected":false},"featured_media":2626,"comment_status":"open","ping_status":"closed","template":"","meta":{"om_disable_all_campaigns":false,"_monsterinsights_skip_tracking":false,"_monsterinsights_sitenote_active":false,"_monsterinsights_sitenote_note":"","_monsterinsights_sitenote_category":0,"site-sidebar-layout":"default","site-content-layout":"","ast-site-content-layout":"default","site-content-style":"default","site-sidebar-style":"default","ast-global-header-display":"","ast-banner-title-visibility":"","ast-main-header-display":"","ast-hfb-above-header-display":"","ast-hfb-below-header-display":"","ast-hfb-mobile-header-display":"","site-post-title":"","ast-breadcrumbs-content":"","ast-featured-img":"","footer-sml-layout":"","theme-transparent-header-meta":"default","adv-header-id-meta":"","stick-header-meta":"","header-above-stick-meta":"","header-main-stick-meta":"","header-below-stick-meta":"","astra-migrate-meta-layouts":"set","ast-page-background-enabled":"default","ast-page-background-meta":{"desktop":{"background-color":"var(--ast-global-color-4)","background-image":"","background-repeat":"repeat","background-position":"center center","background-size":"auto","background-attachment":"scroll","background-type":"","background-media":"","overlay-type":"","overlay-color":"","overlay-gradient":""},"tablet":{"background-color":"","background-image":"","background-repeat":"repeat","background-position":"center center","background-size":"auto","background-attachment":"scroll","background-type":"","background-media":"","overlay-type":"","overlay-color":"","overlay-gradient":""},"mobile":{"background-color":"","background-image":"","background-repeat":"repeat","background-position":"center center","background-size":"auto","background-attachment":"scroll","background-type":"","background-media":"","overlay-type":"","overlay-color":"","overlay-gradient":""}},"ast-content-background-meta":{"desktop":{"background-color":"var(--ast-global-color-5)","background-image":"","background-repeat":"repeat","background-position":"center center","background-size":"auto","background-attachment":"scroll","background-type":"","background-media":"","overlay-type":"","overlay-color":"","overlay-gradient":""},"tablet":{"background-color":"var(--ast-global-color-5)","background-image":"","background-repeat":"repeat","background-position":"center center","background-size":"auto","background-attachment":"scroll","background-type":"","background-media":"","overlay-type":"","overlay-color":"","overlay-gradient":""},"mobile":{"background-color":"var(--ast-global-color-5)","background-image":"","background-repeat":"repeat","background-position":"center center","background-size":"auto","background-attachment":"scroll","background-type":"","background-media":"","overlay-type":"","overlay-color":"","overlay-gradient":""}}},"product_cat":[66],"product_tag":[],"aioseo_notices":[],"jetpack_sharing_enabled":true,"_links":{"self":[{"href":"https:\/\/lomina.es\/index.php?rest_route=\/wp\/v2\/product\/2624"}],"collection":[{"href":"https:\/\/lomina.es\/index.php?rest_route=\/wp\/v2\/product"}],"about":[{"href":"https:\/\/lomina.es\/index.php?rest_route=\/wp\/v2\/types\/product"}],"replies":[{"embeddable":true,"href":"https:\/\/lomina.es\/index.php?rest_route=%2Fwp%2Fv2%2Fcomments&post=2624"}],"wp:featuredmedia":[{"embeddable":true,"href":"https:\/\/lomina.es\/index.php?rest_route=\/wp\/v2\/media\/2626"}],"wp:attachment":[{"href":"https:\/\/lomina.es\/index.php?rest_route=%2Fwp%2Fv2%2Fmedia&parent=2624"}],"wp:term":[{"taxonomy":"product_cat","embeddable":true,"href":"https:\/\/lomina.es\/index.php?rest_route=%2Fwp%2Fv2%2Fproduct_cat&post=2624"},{"taxonomy":"product_tag","embeddable":true,"href":"https:\/\/lomina.es\/index.php?rest_route=%2Fwp%2Fv2%2Fproduct_tag&post=2624"}],"curies":[{"name":"wp","href":"https:\/\/api.w.org\/{rel}","templated":true}]}}