{"id":2607,"date":"2026-01-14T12:47:12","date_gmt":"2026-01-14T11:47:12","guid":{"rendered":"https:\/\/lomina.es\/?post_type=product&#038;p=2607"},"modified":"2026-01-14T12:49:41","modified_gmt":"2026-01-14T11:49:41","slug":"radio-nevir-portatil","status":"publish","type":"product","link":"https:\/\/lomina.es\/?product=radio-nevir-portatil","title":{"rendered":"Radio Nevir port\u00e1til &#8211; Negra"},"content":{"rendered":"<p>La <strong data-start=\"197\" data-end=\"219\">Radio Nevir NVR140<\/strong> es una radio port\u00e1til b\u00e1sica y funcional pensada para escuchar emisoras en bandas <strong data-start=\"302\" data-end=\"313\">AM y FM<\/strong>.<\/p>\n","protected":false},"excerpt":{"rendered":"<p><strong>Caracter\u00edsticas<\/strong><\/p>\n<ul>\n<li data-start=\"507\" data-end=\"588\">\n<p data-start=\"509\" data-end=\"588\">Sintonizador AM\/FM: Permite recibir emisoras tradicionales en ambas bandas.<\/p>\n<\/li>\n<li data-start=\"589\" data-end=\"657\">\n<p data-start=\"591\" data-end=\"657\">Altavoz integrado: Ofrece audio para escuchar sin auriculares.<\/p>\n<\/li>\n<li data-start=\"658\" data-end=\"739\">\n<p data-start=\"660\" data-end=\"739\">Salida de auriculares: Para escuchar de forma privada sin molestar a otros.<\/p>\n<\/li>\n<li data-start=\"740\" data-end=\"841\">\n<p data-start=\"742\" data-end=\"841\">Doble alimentaci\u00f3n: Funciona con corriente el\u00e9ctrica o con pilas<\/p>\n<\/li>\n<li data-start=\"842\" data-end=\"943\">\n<p data-start=\"844\" data-end=\"943\">Dise\u00f1o port\u00e1til: Con asa para transportar f\u00e1cilmente y antena telesc\u00f3pica para mejor recepci\u00f3n.<\/p>\n<\/li>\n<li data-start=\"944\" data-end=\"1020\">\n<p data-start=\"946\" data-end=\"1020\">Potencia de audio: Nivel de sonido b\u00e1sico adecuado para radio general.<\/p>\n<\/li>\n<li data-start=\"1021\" data-end=\"1094\">\n<p data-start=\"1023\" data-end=\"1094\">Controles sencillos: Sintonizaci\u00f3n y volumen con perillas manuales.<\/p>\n<\/li>\n<\/ul>\n","protected":false},"featured_media":2609,"comment_status":"open","ping_status":"closed","template":"","meta":{"om_disable_all_campaigns":false,"_monsterinsights_skip_tracking":false,"_monsterinsights_sitenote_active":false,"_monsterinsights_sitenote_note":"","_monsterinsights_sitenote_category":0,"site-sidebar-layout":"default","site-content-layout":"","ast-site-content-layout":"default","site-content-style":"default","site-sidebar-style":"default","ast-global-header-display":"","ast-banner-title-visibility":"","ast-main-header-display":"","ast-hfb-above-header-display":"","ast-hfb-below-header-display":"","ast-hfb-mobile-header-display":"","site-post-title":"","ast-breadcrumbs-content":"","ast-featured-img":"","footer-sml-layout":"","theme-transparent-header-meta":"default","adv-header-id-meta":"","stick-header-meta":"","header-above-stick-meta":"","header-main-stick-meta":"","header-below-stick-meta":"","astra-migrate-meta-layouts":"set","ast-page-background-enabled":"default","ast-page-background-meta":{"desktop":{"background-color":"var(--ast-global-color-4)","background-image":"","background-repeat":"repeat","background-position":"center center","background-size":"auto","background-attachment":"scroll","background-type":"","background-media":"","overlay-type":"","overlay-color":"","overlay-gradient":""},"tablet":{"background-color":"","background-image":"","background-repeat":"repeat","background-position":"center center","background-size":"auto","background-attachment":"scroll","background-type":"","background-media":"","overlay-type":"","overlay-color":"","overlay-gradient":""},"mobile":{"background-color":"","background-image":"","background-repeat":"repeat","background-position":"center center","background-size":"auto","background-attachment":"scroll","background-type":"","background-media":"","overlay-type":"","overlay-color":"","overlay-gradient":""}},"ast-content-background-meta":{"desktop":{"background-color":"var(--ast-global-color-5)","background-image":"","background-repeat":"repeat","background-position":"center center","background-size":"auto","background-attachment":"scroll","background-type":"","background-media":"","overlay-type":"","overlay-color":"","overlay-gradient":""},"tablet":{"background-color":"var(--ast-global-color-5)","background-image":"","background-repeat":"repeat","background-position":"center center","background-size":"auto","background-attachment":"scroll","background-type":"","background-media":"","overlay-type":"","overlay-color":"","overlay-gradient":""},"mobile":{"background-color":"var(--ast-global-color-5)","background-image":"","background-repeat":"repeat","background-position":"center center","background-size":"auto","background-attachment":"scroll","background-type":"","background-media":"","overlay-type":"","overlay-color":"","overlay-gradient":""}}},"product_cat":[73],"product_tag":[],"aioseo_notices":[],"jetpack_sharing_enabled":true,"_links":{"self":[{"href":"https:\/\/lomina.es\/index.php?rest_route=\/wp\/v2\/product\/2607"}],"collection":[{"href":"https:\/\/lomina.es\/index.php?rest_route=\/wp\/v2\/product"}],"about":[{"href":"https:\/\/lomina.es\/index.php?rest_route=\/wp\/v2\/types\/product"}],"replies":[{"embeddable":true,"href":"https:\/\/lomina.es\/index.php?rest_route=%2Fwp%2Fv2%2Fcomments&post=2607"}],"wp:featuredmedia":[{"embeddable":true,"href":"https:\/\/lomina.es\/index.php?rest_route=\/wp\/v2\/media\/2609"}],"wp:attachment":[{"href":"https:\/\/lomina.es\/index.php?rest_route=%2Fwp%2Fv2%2Fmedia&parent=2607"}],"wp:term":[{"taxonomy":"product_cat","embeddable":true,"href":"https:\/\/lomina.es\/index.php?rest_route=%2Fwp%2Fv2%2Fproduct_cat&post=2607"},{"taxonomy":"product_tag","embeddable":true,"href":"https:\/\/lomina.es\/index.php?rest_route=%2Fwp%2Fv2%2Fproduct_tag&post=2607"}],"curies":[{"name":"wp","href":"https:\/\/api.w.org\/{rel}","templated":true}]}}