{"id":2435,"date":"2026-01-09T16:35:05","date_gmt":"2026-01-09T15:35:05","guid":{"rendered":"https:\/\/lomina.es\/?post_type=product&#038;p=2435"},"modified":"2026-01-28T16:46:22","modified_gmt":"2026-01-28T15:46:22","slug":"radiador-electrico-de-mica-fm-600w","status":"publish","type":"product","link":"https:\/\/lomina.es\/?product=radiador-electrico-de-mica-fm-600w","title":{"rendered":"Radiador el\u00e9ctrico de mica FM 600W PM600"},"content":{"rendered":"<p>Radiador el\u00e9ctrico de mica de 600 W con dos potencias, termostato regulable y protecci\u00f3n antivuelco, ideal para calefacci\u00f3n eficiente en espacios peque\u00f1os.<\/p>\n","protected":false},"excerpt":{"rendered":"<p><strong>Caracter\u00edsticas<\/strong><\/p>\n<ul>\n<li data-start=\"24\" data-end=\"92\">\n<p data-start=\"27\" data-end=\"92\">Potencia de 600 W con dos niveles de calor (300 W y 600 W).<\/p>\n<\/li>\n<li data-start=\"93\" data-end=\"183\">\n<p data-start=\"96\" data-end=\"183\">Tecnolog\u00eda de mica para una calefacci\u00f3n uniforme mediante convecci\u00f3n y radiaci\u00f3n.<\/p>\n<\/li>\n<li data-start=\"184\" data-end=\"260\">\n<p data-start=\"187\" data-end=\"260\">Calentamiento r\u00e1pido, alcanzando rendimiento \u00f3ptimo en poco tiempo.<\/p>\n<\/li>\n<li data-start=\"261\" data-end=\"338\">\n<p data-start=\"264\" data-end=\"338\">Termostato regulable para ajustar y mantener la temperatura deseada.<\/p>\n<\/li>\n<li data-start=\"339\" data-end=\"405\">\n<p data-start=\"342\" data-end=\"405\">Dise\u00f1o compacto y ligero, f\u00e1cil de mover entre estancias.<\/p>\n<\/li>\n<li data-start=\"406\" data-end=\"490\">\n<p data-start=\"409\" data-end=\"490\">Sin fluido interno, lo que reduce mantenimiento y acelera el calentamiento.<\/p>\n<\/li>\n<li data-start=\"491\" data-end=\"563\">\n<p data-start=\"494\" data-end=\"563\">Sistema de seguridad anti-vuelco que apaga el radiador si se cae.<\/p>\n<\/li>\n<\/ul>\n","protected":false},"featured_media":2436,"comment_status":"open","ping_status":"closed","template":"","meta":{"om_disable_all_campaigns":false,"_monsterinsights_skip_tracking":false,"_monsterinsights_sitenote_active":false,"_monsterinsights_sitenote_note":"","_monsterinsights_sitenote_category":0,"site-sidebar-layout":"default","site-content-layout":"","ast-site-content-layout":"default","site-content-style":"default","site-sidebar-style":"default","ast-global-header-display":"","ast-banner-title-visibility":"","ast-main-header-display":"","ast-hfb-above-header-display":"","ast-hfb-below-header-display":"","ast-hfb-mobile-header-display":"","site-post-title":"","ast-breadcrumbs-content":"","ast-featured-img":"","footer-sml-layout":"","theme-transparent-header-meta":"default","adv-header-id-meta":"","stick-header-meta":"","header-above-stick-meta":"","header-main-stick-meta":"","header-below-stick-meta":"","astra-migrate-meta-layouts":"set","ast-page-background-enabled":"default","ast-page-background-meta":{"desktop":{"background-color":"var(--ast-global-color-4)","background-image":"","background-repeat":"repeat","background-position":"center center","background-size":"auto","background-attachment":"scroll","background-type":"","background-media":"","overlay-type":"","overlay-color":"","overlay-gradient":""},"tablet":{"background-color":"","background-image":"","background-repeat":"repeat","background-position":"center center","background-size":"auto","background-attachment":"scroll","background-type":"","background-media":"","overlay-type":"","overlay-color":"","overlay-gradient":""},"mobile":{"background-color":"","background-image":"","background-repeat":"repeat","background-position":"center center","background-size":"auto","background-attachment":"scroll","background-type":"","background-media":"","overlay-type":"","overlay-color":"","overlay-gradient":""}},"ast-content-background-meta":{"desktop":{"background-color":"var(--ast-global-color-5)","background-image":"","background-repeat":"repeat","background-position":"center center","background-size":"auto","background-attachment":"scroll","background-type":"","background-media":"","overlay-type":"","overlay-color":"","overlay-gradient":""},"tablet":{"background-color":"var(--ast-global-color-5)","background-image":"","background-repeat":"repeat","background-position":"center center","background-size":"auto","background-attachment":"scroll","background-type":"","background-media":"","overlay-type":"","overlay-color":"","overlay-gradient":""},"mobile":{"background-color":"var(--ast-global-color-5)","background-image":"","background-repeat":"repeat","background-position":"center center","background-size":"auto","background-attachment":"scroll","background-type":"","background-media":"","overlay-type":"","overlay-color":"","overlay-gradient":""}}},"product_cat":[30],"product_tag":[],"aioseo_notices":[],"jetpack_sharing_enabled":true,"_links":{"self":[{"href":"https:\/\/lomina.es\/index.php?rest_route=\/wp\/v2\/product\/2435"}],"collection":[{"href":"https:\/\/lomina.es\/index.php?rest_route=\/wp\/v2\/product"}],"about":[{"href":"https:\/\/lomina.es\/index.php?rest_route=\/wp\/v2\/types\/product"}],"replies":[{"embeddable":true,"href":"https:\/\/lomina.es\/index.php?rest_route=%2Fwp%2Fv2%2Fcomments&post=2435"}],"wp:featuredmedia":[{"embeddable":true,"href":"https:\/\/lomina.es\/index.php?rest_route=\/wp\/v2\/media\/2436"}],"wp:attachment":[{"href":"https:\/\/lomina.es\/index.php?rest_route=%2Fwp%2Fv2%2Fmedia&parent=2435"}],"wp:term":[{"taxonomy":"product_cat","embeddable":true,"href":"https:\/\/lomina.es\/index.php?rest_route=%2Fwp%2Fv2%2Fproduct_cat&post=2435"},{"taxonomy":"product_tag","embeddable":true,"href":"https:\/\/lomina.es\/index.php?rest_route=%2Fwp%2Fv2%2Fproduct_tag&post=2435"}],"curies":[{"name":"wp","href":"https:\/\/api.w.org\/{rel}","templated":true}]}}