{"id":2432,"date":"2026-01-09T16:26:21","date_gmt":"2026-01-09T15:26:21","guid":{"rendered":"https:\/\/lomina.es\/?post_type=product&#038;p=2432"},"modified":"2026-01-09T16:26:21","modified_gmt":"2026-01-09T15:26:21","slug":"calefactor-electrico-fabrilamp-2000w","status":"publish","type":"product","link":"https:\/\/lomina.es\/?product=calefactor-electrico-fabrilamp-2000w","title":{"rendered":"Calefactor el\u00e9ctrico Fabrilamp 2000W"},"content":{"rendered":"<p>Termoventilador el\u00e9ctrico horizontal de 2000 W con termostato regulable y 3 funciones para calefacci\u00f3n y ventilaci\u00f3n.<\/p>\n","protected":false},"excerpt":{"rendered":"<p><strong>Caracter\u00edsticas<\/strong><\/p>\n<ul>\n<li data-start=\"155\" data-end=\"263\">\n<p data-start=\"158\" data-end=\"263\">Potencia de 2000W: Proporciona un calentamiento eficiente para habitaciones de tama\u00f1o medio o grande.<\/p>\n<\/li>\n<li data-start=\"264\" data-end=\"370\">\n<p data-start=\"267\" data-end=\"370\">3 Funciones: Permite seleccionar entre calefacci\u00f3n, ventilaci\u00f3n normal o ventilaci\u00f3n con aire fr\u00edo.<\/p>\n<\/li>\n<li data-start=\"371\" data-end=\"468\">\n<p data-start=\"374\" data-end=\"468\">Termostato Regulable: Ajusta la temperatura deseada para mantener un ambiente confortable.<\/p>\n<\/li>\n<li data-start=\"469\" data-end=\"551\">\n<p data-start=\"472\" data-end=\"551\">Dise\u00f1o Horizontal: Ofrece estabilidad y una distribuci\u00f3n uniforme del aire.<\/p>\n<\/li>\n<li data-start=\"552\" data-end=\"666\">\n<p data-start=\"555\" data-end=\"666\">Compacto y Ligero: Con unas dimensiones de 12 cm x 26 cm x 26 cm, es f\u00e1cil de colocar en cualquier espacio.<\/p>\n<\/li>\n<li data-start=\"667\" data-end=\"756\">\n<p data-start=\"670\" data-end=\"756\">Color Blanco: Dise\u00f1o elegante y neutro, adecuado para la mayor\u00eda de los decorados.<\/p>\n<\/li>\n<li data-start=\"757\" data-end=\"828\">\n<p data-start=\"760\" data-end=\"828\">F\u00e1cil de Usar: Controles intuitivos para facilitar su operaci\u00f3n.<\/p>\n<\/li>\n<\/ul>\n","protected":false},"featured_media":2434,"comment_status":"open","ping_status":"closed","template":"","meta":{"om_disable_all_campaigns":false,"_monsterinsights_skip_tracking":false,"_monsterinsights_sitenote_active":false,"_monsterinsights_sitenote_note":"","_monsterinsights_sitenote_category":0,"site-sidebar-layout":"default","site-content-layout":"","ast-site-content-layout":"default","site-content-style":"default","site-sidebar-style":"default","ast-global-header-display":"","ast-banner-title-visibility":"","ast-main-header-display":"","ast-hfb-above-header-display":"","ast-hfb-below-header-display":"","ast-hfb-mobile-header-display":"","site-post-title":"","ast-breadcrumbs-content":"","ast-featured-img":"","footer-sml-layout":"","theme-transparent-header-meta":"default","adv-header-id-meta":"","stick-header-meta":"","header-above-stick-meta":"","header-main-stick-meta":"","header-below-stick-meta":"","astra-migrate-meta-layouts":"set","ast-page-background-enabled":"default","ast-page-background-meta":{"desktop":{"background-color":"var(--ast-global-color-4)","background-image":"","background-repeat":"repeat","background-position":"center center","background-size":"auto","background-attachment":"scroll","background-type":"","background-media":"","overlay-type":"","overlay-color":"","overlay-gradient":""},"tablet":{"background-color":"","background-image":"","background-repeat":"repeat","background-position":"center center","background-size":"auto","background-attachment":"scroll","background-type":"","background-media":"","overlay-type":"","overlay-color":"","overlay-gradient":""},"mobile":{"background-color":"","background-image":"","background-repeat":"repeat","background-position":"center center","background-size":"auto","background-attachment":"scroll","background-type":"","background-media":"","overlay-type":"","overlay-color":"","overlay-gradient":""}},"ast-content-background-meta":{"desktop":{"background-color":"var(--ast-global-color-5)","background-image":"","background-repeat":"repeat","background-position":"center center","background-size":"auto","background-attachment":"scroll","background-type":"","background-media":"","overlay-type":"","overlay-color":"","overlay-gradient":""},"tablet":{"background-color":"var(--ast-global-color-5)","background-image":"","background-repeat":"repeat","background-position":"center center","background-size":"auto","background-attachment":"scroll","background-type":"","background-media":"","overlay-type":"","overlay-color":"","overlay-gradient":""},"mobile":{"background-color":"var(--ast-global-color-5)","background-image":"","background-repeat":"repeat","background-position":"center center","background-size":"auto","background-attachment":"scroll","background-type":"","background-media":"","overlay-type":"","overlay-color":"","overlay-gradient":""}}},"product_cat":[30],"product_tag":[],"aioseo_notices":[],"jetpack_sharing_enabled":true,"_links":{"self":[{"href":"https:\/\/lomina.es\/index.php?rest_route=\/wp\/v2\/product\/2432"}],"collection":[{"href":"https:\/\/lomina.es\/index.php?rest_route=\/wp\/v2\/product"}],"about":[{"href":"https:\/\/lomina.es\/index.php?rest_route=\/wp\/v2\/types\/product"}],"replies":[{"embeddable":true,"href":"https:\/\/lomina.es\/index.php?rest_route=%2Fwp%2Fv2%2Fcomments&post=2432"}],"wp:featuredmedia":[{"embeddable":true,"href":"https:\/\/lomina.es\/index.php?rest_route=\/wp\/v2\/media\/2434"}],"wp:attachment":[{"href":"https:\/\/lomina.es\/index.php?rest_route=%2Fwp%2Fv2%2Fmedia&parent=2432"}],"wp:term":[{"taxonomy":"product_cat","embeddable":true,"href":"https:\/\/lomina.es\/index.php?rest_route=%2Fwp%2Fv2%2Fproduct_cat&post=2432"},{"taxonomy":"product_tag","embeddable":true,"href":"https:\/\/lomina.es\/index.php?rest_route=%2Fwp%2Fv2%2Fproduct_tag&post=2432"}],"curies":[{"name":"wp","href":"https:\/\/api.w.org\/{rel}","templated":true}]}}