{"id":2377,"date":"2025-12-26T14:41:57","date_gmt":"2025-12-26T13:41:57","guid":{"rendered":"https:\/\/lomina.es\/?post_type=product&#038;p=2377"},"modified":"2025-12-26T14:41:57","modified_gmt":"2025-12-26T13:41:57","slug":"radiador-fabrilamp-aceite-3-potencias","status":"publish","type":"product","link":"https:\/\/lomina.es\/?product=radiador-fabrilamp-aceite-3-potencias","title":{"rendered":"Radiador Fabrilamp Aceite 3 potencias"},"content":{"rendered":"<p>Radiador de aceite blanco con<strong data-start=\"604\" data-end=\"642\">\u00a0termostato regulable<\/strong>, ideal para calentar estancias de forma eficiente y segura con distribuci\u00f3n uniforme del calor.<\/p>\n","protected":false},"excerpt":{"rendered":"<p><strong>Caracter\u00edsticas<\/strong><\/p>\n<ul>\n<li data-start=\"25\" data-end=\"102\">\n<p data-start=\"28\" data-end=\"102\">Potencia 1500 W con 3 niveles de calor (600 W \/ 900 W \/ 1500 W).<\/p>\n<\/li>\n<li data-start=\"103\" data-end=\"181\">\n<p data-start=\"106\" data-end=\"181\">11 elementos de calefacci\u00f3n para una distribuci\u00f3n uniforme del calor.<\/p>\n<\/li>\n<li data-start=\"182\" data-end=\"248\">\n<p data-start=\"185\" data-end=\"248\">Termostato regulable para ajustar la temperatura deseada.<\/p>\n<\/li>\n<li data-start=\"249\" data-end=\"316\">\n<p data-start=\"252\" data-end=\"316\">Protecci\u00f3n contra sobrecalentamiento para mayor seguridad.<\/p>\n<\/li>\n<li data-start=\"317\" data-end=\"390\">\n<p data-start=\"320\" data-end=\"390\">Luz indicadora de encendido que muestra cuando est\u00e1 funcionando.<\/p>\n<\/li>\n<li data-start=\"391\" data-end=\"480\">\n<p data-start=\"394\" data-end=\"480\">Dise\u00f1o port\u00e1til con asa y pies estables para moverlo f\u00e1cilmente entre estancias.<\/p>\n<\/li>\n<li data-start=\"481\" data-end=\"547\">\n<p data-start=\"484\" data-end=\"547\">Dimensiones compactas de aproximadamente 38,2 \u00d7 51 \u00d7 18 cm.<\/p>\n<\/li>\n<\/ul>\n","protected":false},"featured_media":2379,"comment_status":"open","ping_status":"closed","template":"","meta":{"om_disable_all_campaigns":false,"_monsterinsights_skip_tracking":false,"_monsterinsights_sitenote_active":false,"_monsterinsights_sitenote_note":"","_monsterinsights_sitenote_category":0,"site-sidebar-layout":"default","site-content-layout":"","ast-site-content-layout":"default","site-content-style":"default","site-sidebar-style":"default","ast-global-header-display":"","ast-banner-title-visibility":"","ast-main-header-display":"","ast-hfb-above-header-display":"","ast-hfb-below-header-display":"","ast-hfb-mobile-header-display":"","site-post-title":"","ast-breadcrumbs-content":"","ast-featured-img":"","footer-sml-layout":"","theme-transparent-header-meta":"default","adv-header-id-meta":"","stick-header-meta":"","header-above-stick-meta":"","header-main-stick-meta":"","header-below-stick-meta":"","astra-migrate-meta-layouts":"set","ast-page-background-enabled":"default","ast-page-background-meta":{"desktop":{"background-color":"var(--ast-global-color-4)","background-image":"","background-repeat":"repeat","background-position":"center center","background-size":"auto","background-attachment":"scroll","background-type":"","background-media":"","overlay-type":"","overlay-color":"","overlay-gradient":""},"tablet":{"background-color":"","background-image":"","background-repeat":"repeat","background-position":"center center","background-size":"auto","background-attachment":"scroll","background-type":"","background-media":"","overlay-type":"","overlay-color":"","overlay-gradient":""},"mobile":{"background-color":"","background-image":"","background-repeat":"repeat","background-position":"center center","background-size":"auto","background-attachment":"scroll","background-type":"","background-media":"","overlay-type":"","overlay-color":"","overlay-gradient":""}},"ast-content-background-meta":{"desktop":{"background-color":"var(--ast-global-color-5)","background-image":"","background-repeat":"repeat","background-position":"center center","background-size":"auto","background-attachment":"scroll","background-type":"","background-media":"","overlay-type":"","overlay-color":"","overlay-gradient":""},"tablet":{"background-color":"var(--ast-global-color-5)","background-image":"","background-repeat":"repeat","background-position":"center center","background-size":"auto","background-attachment":"scroll","background-type":"","background-media":"","overlay-type":"","overlay-color":"","overlay-gradient":""},"mobile":{"background-color":"var(--ast-global-color-5)","background-image":"","background-repeat":"repeat","background-position":"center center","background-size":"auto","background-attachment":"scroll","background-type":"","background-media":"","overlay-type":"","overlay-color":"","overlay-gradient":""}}},"product_cat":[30],"product_tag":[],"aioseo_notices":[],"jetpack_sharing_enabled":true,"_links":{"self":[{"href":"https:\/\/lomina.es\/index.php?rest_route=\/wp\/v2\/product\/2377"}],"collection":[{"href":"https:\/\/lomina.es\/index.php?rest_route=\/wp\/v2\/product"}],"about":[{"href":"https:\/\/lomina.es\/index.php?rest_route=\/wp\/v2\/types\/product"}],"replies":[{"embeddable":true,"href":"https:\/\/lomina.es\/index.php?rest_route=%2Fwp%2Fv2%2Fcomments&post=2377"}],"wp:featuredmedia":[{"embeddable":true,"href":"https:\/\/lomina.es\/index.php?rest_route=\/wp\/v2\/media\/2379"}],"wp:attachment":[{"href":"https:\/\/lomina.es\/index.php?rest_route=%2Fwp%2Fv2%2Fmedia&parent=2377"}],"wp:term":[{"taxonomy":"product_cat","embeddable":true,"href":"https:\/\/lomina.es\/index.php?rest_route=%2Fwp%2Fv2%2Fproduct_cat&post=2377"},{"taxonomy":"product_tag","embeddable":true,"href":"https:\/\/lomina.es\/index.php?rest_route=%2Fwp%2Fv2%2Fproduct_tag&post=2377"}],"curies":[{"name":"wp","href":"https:\/\/api.w.org\/{rel}","templated":true}]}}