{"id":19,"date":"2024-01-30T03:16:03","date_gmt":"2024-01-30T02:16:03","guid":{"rendered":"https:\/\/lomina.es\/?post_type=product&#038;p=19"},"modified":"2024-02-07T17:03:35","modified_gmt":"2024-02-07T16:03:35","slug":"lavadora-ecobubble-9kg-blanco-ww90ta049th","status":"publish","type":"product","link":"https:\/\/lomina.es\/?product=lavadora-ecobubble-9kg-blanco-ww90ta049th","title":{"rendered":"Lavadora EcoBubble \u2122 9kg Blanco WW90TA049TH"},"content":{"rendered":"<p>Consigue un lavado incre\u00edble con la lavadora EcoBuble\u2122 WW90TA049TH\/EC de Samsung con capacidad de 9kg. Logra resultados de limpieza asombrosos incluso con agua fr\u00eda, mant\u00e9n tus prendas protegidas, limpias y desinfectadas, con unos resultados de higiene excelentes, y ahorra mucho en tu factura de la luz gracias a su consumo energ\u00e9tico reducido.<\/p>\n<p><strong>Tecnolog\u00eda EcoBubble<\/strong><br \/>\nDescubre la tecnolog\u00eda que lava y protege tus prendas \u00a1tambi\u00e9n con agua fr\u00eda! Con EcoBubble\u2122, el agua y el detergente se mezclan con el aire antes de entrar en el tambor, y generan una capa de burbujas para penetrar m\u00e1s r\u00e1pido en tu ropa. Adem\u00e1s, estar\u00e1n protegidas de la fricci\u00f3n entre ellas. Ver\u00e1s resultados incre\u00edbles despu\u00e9s de cada lavado.<\/p>\n<p><strong>Programas de Vapor\/Higiene (lavado)<\/strong><br \/>\nConsigue una higiene casi perfecta. Con la fase de vapor al final del ciclo del lavado principal, eliminar\u00e1s los al\u00e9rgenos y las bacterias en un 99% . Est\u00e1 disponible en el programa Higiene (m\u00ednimo 60\u00baC) y programa Ropa de Cama (m\u00e1ximo 40\u00baC).<\/p>\n<p><strong>Motor digital Inverter, 20 a\u00f1os de Garant\u00eda<\/strong><br \/>\nEn lugar de funcionar a trav\u00e9s de unas escobillas, este motor lo hace a trav\u00e9s de unos imanes que reducen la fricci\u00f3n , lo que supone un ahorro en el consumo energ\u00e9tico y una mayor eficiencia en el motor. Adem\u00e1s tiene 20 a\u00f1os de garant\u00eda .<\/p>\n<p><strong>Prelavado Burbujas<\/strong><br \/>\nEl poder de las burbujas en tu ropa. Elimina las manchas y consigue un lavado m\u00e1s eficaz al dejar tus prendas en remojo intenso de burbujas antes de cada ciclo de lavado para unos resultados espectaculares.<\/p>\n<p>&nbsp;<\/p>\n<h2>Especificaciones<\/h2>\n<table>\n<tbody>\n<tr>\n<td><strong>Caracter\u00edsticas t\u00e9cnicas<\/strong><\/td>\n<td><\/td>\n<\/tr>\n<tr>\n<td>Capacidad de carga<\/td>\n<td>9Kg<\/td>\n<\/tr>\n<tr>\n<td>Tipo de dispositivo<\/td>\n<td>Lavadora carga frontal<\/td>\n<\/tr>\n<tr>\n<td>Tipo de carga<\/td>\n<td>Carga Frontal<\/td>\n<\/tr>\n<tr>\n<td>Formato de construcci\u00f3n<\/td>\n<td>Libre instalaci\u00f3n<\/td>\n<\/tr>\n<tr>\n<td>Tipo de construcci\u00f3n<\/td>\n<td>Independiente<\/td>\n<\/tr>\n<tr>\n<td>Nivel de ruido del centrifugado<\/td>\n<td>72 dB(A)<\/td>\n<\/tr>\n<tr>\n<td><strong>Programas<\/strong><\/td>\n<td><\/td>\n<\/tr>\n<tr>\n<td>N\u00ba de programas<\/td>\n<td>14<\/td>\n<\/tr>\n<tr>\n<td>Programas autom\u00e1ticos<\/td>\n<td>Eco 40-60, 15&#8242; Lavado R\u00e1pido, Ropa de cama, Algod\u00f3n, Colores, Delicados, Escurrido, Limpieza de bidones, Higiene,<\/p>\n<p>Vapor, Fr\u00edo Intenso, Carga Mixta, Aclarado + Centrifugado, Sint\u00e9ticos, Lana<\/td>\n<\/tr>\n<tr>\n<td>Funci\u00f3n Vapor<\/td>\n<td>No<\/td>\n<\/tr>\n<tr>\n<td><strong>Equipo<\/strong><\/td>\n<td><\/td>\n<\/tr>\n<tr>\n<td>Control de carga<\/td>\n<td>Si<\/td>\n<\/tr>\n<tr>\n<td>Dosificaci\u00f3n autom\u00e1tica<\/td>\n<td>No<\/td>\n<\/tr>\n<tr>\n<td>Detecci\u00f3n de carga<\/td>\n<td>Si<\/td>\n<\/tr>\n<tr>\n<td>Wi-Fi<\/td>\n<td>No<\/td>\n<\/tr>\n<tr>\n<td>Compatible con la aplicaci\u00f3n<\/td>\n<td>No<\/td>\n<\/tr>\n<tr>\n<td>Caracter\u00edsticas de seguridad<\/td>\n<td>Sensor de Fugas<\/td>\n<\/tr>\n<tr>\n<td>Sistema antidesbordamiento<\/td>\n<td>Sensor de Fugas<\/td>\n<\/tr>\n<tr>\n<td>Motor Inverter<\/td>\n<td>Si<\/td>\n<\/tr>\n<tr>\n<td>Bluetooth<\/td>\n<td>Si<\/td>\n<\/tr>\n<\/tbody>\n<\/table>\n","protected":false},"excerpt":{"rendered":"<p>CARACTER\u00cdSTICAS:<\/p>\n<ul>\n<li class=\"dot-list__item\" role=\"listitem\"><span class=\"usp-text\">Tecnolog\u00eda EcoBubble\u2122.<\/span><\/li>\n<li class=\"dot-list__item\" role=\"listitem\"><span class=\"usp-text\">Programas de Vapor (lavado).<\/span><\/li>\n<li class=\"dot-list__item\" role=\"listitem\"><span class=\"usp-text\">Motor Digital Inverter.<\/span><\/li>\n<li class=\"dot-list__item\" role=\"listitem\"><span class=\"usp-text\">Prelavado Burbujas<\/span>.<\/li>\n<li class=\"dot-list__item\" role=\"listitem\"><span class=\"usp-text\">Smart Check<\/span>.<\/li>\n<li class=\"p1\">Capacidad 9Kg.<\/li>\n<li class=\"p1\">14 programas.<\/li>\n<\/ul>\n<p>&nbsp;<\/p>\n","protected":false},"featured_media":84,"comment_status":"open","ping_status":"closed","template":"","meta":{"om_disable_all_campaigns":false,"_monsterinsights_skip_tracking":false,"_monsterinsights_sitenote_active":false,"_monsterinsights_sitenote_note":"","_monsterinsights_sitenote_category":0,"site-sidebar-layout":"default","site-content-layout":"","ast-site-content-layout":"default","site-content-style":"default","site-sidebar-style":"default","ast-global-header-display":"","ast-banner-title-visibility":"","ast-main-header-display":"","ast-hfb-above-header-display":"","ast-hfb-below-header-display":"","ast-hfb-mobile-header-display":"","site-post-title":"","ast-breadcrumbs-content":"","ast-featured-img":"","footer-sml-layout":"","theme-transparent-header-meta":"default","adv-header-id-meta":"","stick-header-meta":"","header-above-stick-meta":"","header-main-stick-meta":"","header-below-stick-meta":"","astra-migrate-meta-layouts":"set","ast-page-background-enabled":"default","ast-page-background-meta":{"desktop":{"background-color":"var(--ast-global-color-4)","background-image":"","background-repeat":"repeat","background-position":"center center","background-size":"auto","background-attachment":"scroll","background-type":"","background-media":"","overlay-type":"","overlay-color":"","overlay-gradient":""},"tablet":{"background-color":"","background-image":"","background-repeat":"repeat","background-position":"center center","background-size":"auto","background-attachment":"scroll","background-type":"","background-media":"","overlay-type":"","overlay-color":"","overlay-gradient":""},"mobile":{"background-color":"","background-image":"","background-repeat":"repeat","background-position":"center center","background-size":"auto","background-attachment":"scroll","background-type":"","background-media":"","overlay-type":"","overlay-color":"","overlay-gradient":""}},"ast-content-background-meta":{"desktop":{"background-color":"var(--ast-global-color-5)","background-image":"","background-repeat":"repeat","background-position":"center center","background-size":"auto","background-attachment":"scroll","background-type":"","background-media":"","overlay-type":"","overlay-color":"","overlay-gradient":""},"tablet":{"background-color":"var(--ast-global-color-5)","background-image":"","background-repeat":"repeat","background-position":"center center","background-size":"auto","background-attachment":"scroll","background-type":"","background-media":"","overlay-type":"","overlay-color":"","overlay-gradient":""},"mobile":{"background-color":"var(--ast-global-color-5)","background-image":"","background-repeat":"repeat","background-position":"center center","background-size":"auto","background-attachment":"scroll","background-type":"","background-media":"","overlay-type":"","overlay-color":"","overlay-gradient":""}}},"product_cat":[19,21],"product_tag":[],"aioseo_notices":[],"jetpack_sharing_enabled":true,"_links":{"self":[{"href":"https:\/\/lomina.es\/index.php?rest_route=\/wp\/v2\/product\/19"}],"collection":[{"href":"https:\/\/lomina.es\/index.php?rest_route=\/wp\/v2\/product"}],"about":[{"href":"https:\/\/lomina.es\/index.php?rest_route=\/wp\/v2\/types\/product"}],"replies":[{"embeddable":true,"href":"https:\/\/lomina.es\/index.php?rest_route=%2Fwp%2Fv2%2Fcomments&post=19"}],"wp:featuredmedia":[{"embeddable":true,"href":"https:\/\/lomina.es\/index.php?rest_route=\/wp\/v2\/media\/84"}],"wp:attachment":[{"href":"https:\/\/lomina.es\/index.php?rest_route=%2Fwp%2Fv2%2Fmedia&parent=19"}],"wp:term":[{"taxonomy":"product_cat","embeddable":true,"href":"https:\/\/lomina.es\/index.php?rest_route=%2Fwp%2Fv2%2Fproduct_cat&post=19"},{"taxonomy":"product_tag","embeddable":true,"href":"https:\/\/lomina.es\/index.php?rest_route=%2Fwp%2Fv2%2Fproduct_tag&post=19"}],"curies":[{"name":"wp","href":"https:\/\/api.w.org\/{rel}","templated":true}]}}