{"id":1814,"date":"2025-11-01T15:01:31","date_gmt":"2025-11-01T14:01:31","guid":{"rendered":"https:\/\/lomina.es\/?post_type=product&#038;p=1814"},"modified":"2025-11-01T15:01:31","modified_gmt":"2025-11-01T14:01:31","slug":"hervidor-de-agua-electrico-orbegozo","status":"publish","type":"product","link":"https:\/\/lomina.es\/?product=hervidor-de-agua-electrico-orbegozo","title":{"rendered":"Hervidor de agua el\u00e9ctrico Orbegozo"},"content":{"rendered":"<p>El hervidor de agua\u00a0<strong>KT 6003<\/strong>\u00a0de Orbegozo te garantiza una r\u00e1pida ebullici\u00f3n. Su potencia de 2200 W hace de este pr\u00e1ctico electrodom\u00e9stico de nuestro cat\u00e1logo una pieza de gran utilidad y eficacia.<\/p>\n","protected":false},"excerpt":{"rendered":"<p>Caracter\u00edsticas:<\/p>\n<ul>\n<li>Capacidad: 1,7 litros.<\/li>\n<li>R\u00e1pida ebullici\u00f3n.<\/li>\n<li>Tapa abatible con cierre de seguridad.<\/li>\n<li>Libre de BPA.<\/li>\n<li>Resistencia sumergida.<\/li>\n<li>Filtro extra\u00edble.<\/li>\n<li>Desconexi\u00f3n autom\u00e1tica al hervir el agua o manual.<\/li>\n<li>Visor de nivel de agua.<\/li>\n<li>Base con recoge cables.<\/li>\n<li>Protecci\u00f3n contra sobrecalentamiento.<\/li>\n<li>Interruptor de encendido.<\/li>\n<li>Luz piloto de control.<\/li>\n<li>Potencia: 1850-2200 W.<\/li>\n<li>Asa de tacto fr\u00edo.<\/li>\n<li>Conexi\u00f3n: 230 V \u2013 50-60 Hz.<\/li>\n<\/ul>\n","protected":false},"featured_media":1815,"comment_status":"open","ping_status":"closed","template":"","meta":{"om_disable_all_campaigns":false,"_monsterinsights_skip_tracking":false,"_monsterinsights_sitenote_active":false,"_monsterinsights_sitenote_note":"","_monsterinsights_sitenote_category":0,"site-sidebar-layout":"default","site-content-layout":"","ast-site-content-layout":"default","site-content-style":"default","site-sidebar-style":"default","ast-global-header-display":"","ast-banner-title-visibility":"","ast-main-header-display":"","ast-hfb-above-header-display":"","ast-hfb-below-header-display":"","ast-hfb-mobile-header-display":"","site-post-title":"","ast-breadcrumbs-content":"","ast-featured-img":"","footer-sml-layout":"","theme-transparent-header-meta":"default","adv-header-id-meta":"","stick-header-meta":"","header-above-stick-meta":"","header-main-stick-meta":"","header-below-stick-meta":"","astra-migrate-meta-layouts":"set","ast-page-background-enabled":"default","ast-page-background-meta":{"desktop":{"background-color":"var(--ast-global-color-4)","background-image":"","background-repeat":"repeat","background-position":"center center","background-size":"auto","background-attachment":"scroll","background-type":"","background-media":"","overlay-type":"","overlay-color":"","overlay-gradient":""},"tablet":{"background-color":"","background-image":"","background-repeat":"repeat","background-position":"center center","background-size":"auto","background-attachment":"scroll","background-type":"","background-media":"","overlay-type":"","overlay-color":"","overlay-gradient":""},"mobile":{"background-color":"","background-image":"","background-repeat":"repeat","background-position":"center center","background-size":"auto","background-attachment":"scroll","background-type":"","background-media":"","overlay-type":"","overlay-color":"","overlay-gradient":""}},"ast-content-background-meta":{"desktop":{"background-color":"var(--ast-global-color-5)","background-image":"","background-repeat":"repeat","background-position":"center center","background-size":"auto","background-attachment":"scroll","background-type":"","background-media":"","overlay-type":"","overlay-color":"","overlay-gradient":""},"tablet":{"background-color":"var(--ast-global-color-5)","background-image":"","background-repeat":"repeat","background-position":"center center","background-size":"auto","background-attachment":"scroll","background-type":"","background-media":"","overlay-type":"","overlay-color":"","overlay-gradient":""},"mobile":{"background-color":"var(--ast-global-color-5)","background-image":"","background-repeat":"repeat","background-position":"center center","background-size":"auto","background-attachment":"scroll","background-type":"","background-media":"","overlay-type":"","overlay-color":"","overlay-gradient":""}}},"product_cat":[63],"product_tag":[],"aioseo_notices":[],"jetpack_sharing_enabled":true,"_links":{"self":[{"href":"https:\/\/lomina.es\/index.php?rest_route=\/wp\/v2\/product\/1814"}],"collection":[{"href":"https:\/\/lomina.es\/index.php?rest_route=\/wp\/v2\/product"}],"about":[{"href":"https:\/\/lomina.es\/index.php?rest_route=\/wp\/v2\/types\/product"}],"replies":[{"embeddable":true,"href":"https:\/\/lomina.es\/index.php?rest_route=%2Fwp%2Fv2%2Fcomments&post=1814"}],"wp:featuredmedia":[{"embeddable":true,"href":"https:\/\/lomina.es\/index.php?rest_route=\/wp\/v2\/media\/1815"}],"wp:attachment":[{"href":"https:\/\/lomina.es\/index.php?rest_route=%2Fwp%2Fv2%2Fmedia&parent=1814"}],"wp:term":[{"taxonomy":"product_cat","embeddable":true,"href":"https:\/\/lomina.es\/index.php?rest_route=%2Fwp%2Fv2%2Fproduct_cat&post=1814"},{"taxonomy":"product_tag","embeddable":true,"href":"https:\/\/lomina.es\/index.php?rest_route=%2Fwp%2Fv2%2Fproduct_tag&post=1814"}],"curies":[{"name":"wp","href":"https:\/\/api.w.org\/{rel}","templated":true}]}}