{"id":1757,"date":"2025-10-31T16:07:10","date_gmt":"2025-10-31T15:07:10","guid":{"rendered":"https:\/\/lomina.es\/?post_type=product&#038;p=1757"},"modified":"2025-10-31T16:07:10","modified_gmt":"2025-10-31T15:07:10","slug":"exprimidor-electrico-jata-ex549-60w","status":"publish","type":"product","link":"https:\/\/lomina.es\/?product=exprimidor-electrico-jata-ex549-60w","title":{"rendered":"Exprimidor el\u00e9ctrico Jata EX549 60W"},"content":{"rendered":"<p>Consigue la m\u00e1xima eficacia con el exprimidor Jata en la obtenci\u00f3n del zumo gracias a su motor profesional AC, la rotaci\u00f3n bidireccional y los dos conos que incorpora.<\/p>\n","protected":false},"excerpt":{"rendered":"<div id=\"main-product-wrapper\" class=\"product-container js-product-container\">\n<div class=\"tabs product-tabs\">\n<div id=\"product-infos-tabs-content\" class=\"tab-content\">\n<div id=\"description\" class=\"tab-pane in active\">\n<div class=\"product-description\">\n<div class=\"rte-content\">\n<p><strong>Caracter\u00edsticas<\/strong><\/p>\n<ul class=\"wim-list-description-custom\">\n<li>Motor profesional AC.<\/li>\n<li>Vertedor en acero inoxidable.<\/li>\n<li>Rotaci\u00f3n bidireccional.<\/li>\n<li>Incorpora dos conos para conseguir la m\u00e1xima eficacia:<br \/>\n&#8211; Cono grande: naranjas, pomelos, etc.<br \/>\n&#8211; Cono peque\u00f1o: limones, mandarinas, etc.<\/li>\n<li>Alta velocidad de extracci\u00f3n del zumo.<\/li>\n<li>Extracci\u00f3n continua.<\/li>\n<li>Sistema antigoteo.<\/li>\n<li>Desmontable para su f\u00e1cil limpieza.<\/li>\n<li>Tapa transparente.<\/li>\n<li>Recogecables.<\/li>\n<li>Voltaje 230 V.<\/li>\n<li>Potencia 60 W.<\/li>\n<\/ul>\n<\/div>\n<\/div>\n<\/div>\n<div id=\"product-details-tab\" class=\"tab-pane \">\n<div id=\"product-details\" class=\"clearfix js-product-details\" style=\"box-sizing: border-box;\" data-product=\"{&quot;id_shop_default&quot;:&quot;1&quot;,&quot;id_manufacturer&quot;:&quot;0&quot;,&quot;id_supplier&quot;:&quot;0&quot;,&quot;reference&quot;:&quot;EX549&quot;,&quot;is_virtual&quot;:&quot;0&quot;,&quot;delivery_in_stock&quot;:&quot;&quot;,&quot;delivery_out_stock&quot;:&quot;&quot;,&quot;id_category_default&quot;:&quot;524&quot;,&quot;on_sale&quot;:&quot;0&quot;,&quot;online_only&quot;:&quot;0&quot;,&quot;ecotax&quot;:0,&quot;minimal_quantity&quot;:&quot;1&quot;,&quot;low_stock_threshold&quot;:null,&quot;low_stock_alert&quot;:&quot;0&quot;,&quot;price&quot;:&quot;32,50\\u00a0\\u20ac&quot;,&quot;unity&quot;:&quot;&quot;,&quot;unit_price&quot;:&quot;&quot;,&quot;unit_price_ratio&quot;:0,&quot;additional_shipping_cost&quot;:&quot;0.000000&quot;,&quot;customizable&quot;:&quot;0&quot;,&quot;text_fields&quot;:&quot;0&quot;,&quot;uploadable_files&quot;:&quot;0&quot;,&quot;redirect_type&quot;:&quot;301-category&quot;,&quot;id_type_redirected&quot;:&quot;0&quot;,&quot;available_for_order&quot;:&quot;1&quot;,&quot;available_date&quot;:&quot;0000-00-00&quot;,&quot;show_condition&quot;:&quot;0&quot;,&quot;condition&quot;:&quot;new&quot;,&quot;show_price&quot;:&quot;1&quot;,&quot;indexed&quot;:&quot;1&quot;,&quot;visibility&quot;:&quot;both&quot;,&quot;cache_default_attribute&quot;:&quot;0&quot;,&quot;advanced_stock_management&quot;:&quot;0&quot;,&quot;date_add&quot;:&quot;2023-09-06 01:29:16&quot;,&quot;date_upd&quot;:&quot;2025-04-01 08:40:11&quot;,&quot;pack_stock_type&quot;:&quot;3&quot;,&quot;meta_description&quot;:&quot;&quot;,&quot;meta_keywords&quot;:&quot;&quot;,&quot;meta_title&quot;:&quot;&quot;,&quot;link_rewrite&quot;:&quot;exprimidor&quot;,&quot;name&quot;:&quot;Exprimidor EX549&quot;,&quot;description&quot;:&quot;&lt;ul class=\\&quot;wim-list-description-custom\\&quot;&gt;&lt;li&gt;Motor profesional AC.&lt;\\\/li&gt;&lt;li&gt;Vertedor en acero inoxidable.&lt;\\\/li&gt;&lt;li&gt;Rotaci\\u00f3n bidireccional.&lt;\\\/li&gt;&lt;li&gt;Incorpora dos conos para conseguir la m\\u00e1xima eficacia:&lt;br&gt;- Cono grande: naranjas, pomelos, etc.&lt;br&gt;- Cono peque\\u00f1o: limones, mandarinas, etc.&lt;\\\/li&gt;&lt;li&gt;Alta velocidad de extracci\\u00f3n del zumo.&lt;\\\/li&gt;&lt;li&gt;Extracci\\u00f3n continua.&lt;\\\/li&gt;&lt;li&gt;Sistema antigoteo.&lt;\\\/li&gt;&lt;li&gt;Desmontable para su f\\u00e1cil limpieza.&lt;\\\/li&gt;&lt;li&gt;Tapa transparente.&lt;\\\/li&gt;&lt;li&gt;Recogecables.&lt;\\\/li&gt;&lt;li&gt;Voltaje 230 V.&lt;\\\/li&gt;&lt;li&gt;Potencia 60 W.&lt;\\\/li&gt;&lt;\\\/ul&gt;&quot;,&quot;description_short&quot;:&quot;Consigue la m\\u00e1xima eficacia con el exprimidor Jata en la obtenci\\u00f3n del zumo gracias a su motor profesional AC, la rotaci\\u00f3n bidireccional y los dos conos que incorpora\\r\\n&lt;ul class=\\&quot;wim-list-description-custom wim-list-description-short\\&quot;&gt;&lt;li&gt;Vertedor en acero inoxidable&lt;\\\/li&gt;&lt;li&gt;Extracci\\u00f3n continua&lt;\\\/li&gt;&lt;li&gt;Desmontable&lt;\\\/li&gt;&lt;li&gt;Sistema antigoteo&lt;\\\/li&gt;&lt;\\\/ul&gt;&quot;,&quot;available_now&quot;:&quot;&quot;,&quot;available_later&quot;:&quot;&quot;,&quot;id&quot;:1050,&quot;id_product&quot;:1050,&quot;out_of_stock&quot;:2,&quot;new&quot;:0,&quot;id_product_attribute&quot;:&quot;0&quot;,&quot;quantity_wanted&quot;:1,&quot;extraContent&quot;:[],&quot;allow_oosp&quot;:0,&quot;category&quot;:&quot;exprimidores&quot;,&quot;category_name&quot;:&quot;Exprimidores&quot;,&quot;link&quot;:&quot;https:\\\/\\\/www.jata.es\\\/exprimidores\\\/exprimidor-ex549-1050.html&quot;,&quot;manufacturer_name&quot;:null,&quot;attribute_price&quot;:0,&quot;price_tax_exc&quot;:26.859504,&quot;price_without_reduction&quot;:32.5,&quot;reduction&quot;:0,&quot;specific_prices&quot;:[],&quot;quantity&quot;:48,&quot;quantity_all_versions&quot;:48,&quot;id_image&quot;:&quot;es-default&quot;,&quot;features&quot;:[{&quot;name&quot;:&quot;Unid. emb.&quot;,&quot;value&quot;:&quot;6&quot;,&quot;id_feature&quot;:&quot;5&quot;,&quot;position&quot;:&quot;4&quot;,&quot;id_feature_value&quot;:&quot;27&quot;},{&quot;name&quot;:&quot;Dimensiones embalaje (m)&quot;,&quot;value&quot;:&quot;0,555 x 0,382 x 0,29&quot;,&quot;id_feature&quot;:&quot;6&quot;,&quot;position&quot;:&quot;5&quot;,&quot;id_feature_value&quot;:&quot;1541&quot;},{&quot;name&quot;:&quot;Cajas por capa&quot;,&quot;value&quot;:&quot;4&quot;,&quot;id_feature&quot;:&quot;7&quot;,&quot;position&quot;:&quot;6&quot;,&quot;id_feature_value&quot;:&quot;259&quot;},{&quot;name&quot;:&quot;Capas por pallet&quot;,&quot;value&quot;:&quot;5&quot;,&quot;id_feature&quot;:&quot;8&quot;,&quot;position&quot;:&quot;7&quot;,&quot;id_feature_value&quot;:&quot;183&quot;},{&quot;name&quot;:&quot;Cajas altura \\\/ pallet&quot;,&quot;value&quot;:&quot;1,57&quot;,&quot;id_feature&quot;:&quot;9&quot;,&quot;position&quot;:&quot;8&quot;,&quot;id_feature_value&quot;:&quot;1542&quot;},{&quot;name&quot;:&quot;C\\u00f3digo de barras unitario&quot;,&quot;value&quot;:&quot;8421078034391&quot;,&quot;id_feature&quot;:&quot;10&quot;,&quot;position&quot;:&quot;9&quot;,&quot;id_feature_value&quot;:&quot;1543&quot;},{&quot;name&quot;:&quot;C\\u00f3digo de barras embalaje&quot;,&quot;value&quot;:&quot;18421078034398&quot;,&quot;id_feature&quot;:&quot;11&quot;,&quot;position&quot;:&quot;10&quot;,&quot;id_feature_value&quot;:&quot;1544&quot;},{&quot;name&quot;:&quot;Caja unitaria (cm)&quot;,&quot;value&quot;:&quot;17,8 x 18 x 27&quot;,&quot;id_feature&quot;:&quot;12&quot;,&quot;position&quot;:&quot;11&quot;,&quot;id_feature_value&quot;:&quot;1545&quot;},{&quot;name&quot;:&quot;Peso ud. (kg)&quot;,&quot;value&quot;:&quot;1&quot;,&quot;id_feature&quot;:&quot;13&quot;,&quot;position&quot;:&quot;12&quot;,&quot;id_feature_value&quot;:&quot;1231&quot;},{&quot;name&quot;:&quot;potencia&quot;,&quot;value&quot;:&quot;60 W&quot;,&quot;id_feature&quot;:&quot;17&quot;,&quot;position&quot;:&quot;15&quot;,&quot;id_feature_value&quot;:&quot;4520&quot;},{&quot;name&quot;:&quot;numeroconos&quot;,&quot;value&quot;:&quot;2&quot;,&quot;id_feature&quot;:&quot;69&quot;,&quot;position&quot;:&quot;63&quot;,&quot;id_feature_value&quot;:&quot;4512&quot;},{&quot;name&quot;:&quot;capacidadjarra&quot;,&quot;value&quot;:&quot;-&quot;,&quot;id_feature&quot;:&quot;70&quot;,&quot;position&quot;:&quot;64&quot;,&quot;id_feature_value&quot;:&quot;4513&quot;},{&quot;name&quot;:&quot;motorac&quot;,&quot;value&quot;:&quot;1&quot;,&quot;id_feature&quot;:&quot;71&quot;,&quot;position&quot;:&quot;65&quot;,&quot;id_feature_value&quot;:&quot;4514&quot;},{&quot;name&quot;:&quot;Rescuento&quot;,&quot;value&quot;:&quot;S\\u00ed&quot;,&quot;id_feature&quot;:&quot;109&quot;,&quot;position&quot;:&quot;93&quot;,&quot;id_feature_value&quot;:&quot;4758&quot;},{&quot;name&quot;:&quot;Novedad&quot;,&quot;value&quot;:&quot;No&quot;,&quot;id_feature&quot;:&quot;110&quot;,&quot;position&quot;:&quot;94&quot;,&quot;id_feature_value&quot;:&quot;4762&quot;}],&quot;attachments&quot;:[{&quot;id_product&quot;:&quot;1050&quot;,&quot;id_attachment&quot;:&quot;1154&quot;,&quot;file&quot;:&quot;EX549.7z&quot;,&quot;file_name&quot;:&quot;Fotos producto EX549.7z&quot;,&quot;file_size&quot;:&quot;0&quot;,&quot;mime&quot;:&quot;application\\\/x-rar-compressed&quot;,&quot;id_lang&quot;:&quot;1&quot;,&quot;name&quot;:&quot;Fotos producto EX549&quot;,&quot;description&quot;:&quot;&quot;}],&quot;virtual&quot;:0,&quot;pack&quot;:0,&quot;packItems&quot;:[],&quot;nopackprice&quot;:0,&quot;customization_required&quot;:false,&quot;rate&quot;:21,&quot;tax_name&quot;:&quot;IVA ES 21%&quot;,&quot;ecotax_rate&quot;:0,&quot;customizations&quot;:{&quot;fields&quot;:[]},&quot;id_customization&quot;:0,&quot;is_customizable&quot;:false,&quot;show_quantities&quot;:false,&quot;quantity_label&quot;:&quot;Art\\u00edculos&quot;,&quot;quantity_discounts&quot;:[],&quot;customer_group_discount&quot;:0,&quot;images&quot;:[{&quot;bySize&quot;:{&quot;small_default&quot;:{&quot;url&quot;:&quot;https:\\\/\\\/www.jata.es\\\/49555-small_default\\\/exprimidor.jpg&quot;,&quot;width&quot;:120,&quot;height&quot;:120},&quot;cart_default&quot;:{&quot;url&quot;:&quot;https:\\\/\\\/www.jata.es\\\/49555-cart_default\\\/exprimidor.jpg&quot;,&quot;width&quot;:130,&quot;height&quot;:130},&quot;pdf_image&quot;:{&quot;url&quot;:&quot;https:\\\/\\\/www.jata.es\\\/49555-pdf_image\\\/exprimidor.jpg&quot;,&quot;width&quot;:300,&quot;height&quot;:300},&quot;medium_default&quot;:{&quot;url&quot;:&quot;https:\\\/\\\/www.jata.es\\\/49555-medium_default\\\/exprimidor.jpg&quot;,&quot;width&quot;:600,&quot;height&quot;:600},&quot;home_default&quot;:{&quot;url&quot;:&quot;https:\\\/\\\/www.jata.es\\\/49555-home_default\\\/exprimidor.jpg&quot;,&quot;width&quot;:700,&quot;height&quot;:700},&quot;large_default&quot;:{&quot;url&quot;:&quot;https:\\\/\\\/www.jata.es\\\/49555-large_default\\\/exprimidor.jpg&quot;,&quot;width&quot;:800,&quot;height&quot;:800},&quot;thickbox_default&quot;:{&quot;url&quot;:&quot;https:\\\/\\\/www.jata.es\\\/49555-thickbox_default\\\/exprimidor.jpg&quot;,&quot;width&quot;:1200,&quot;height&quot;:1200}},&quot;small&quot;:{&quot;url&quot;:&quot;https:\\\/\\\/www.jata.es\\\/49555-small_default\\\/exprimidor.jpg&quot;,&quot;width&quot;:120,&quot;height&quot;:120},&quot;medium&quot;:{&quot;url&quot;:&quot;https:\\\/\\\/www.jata.es\\\/49555-medium_default\\\/exprimidor.jpg&quot;,&quot;width&quot;:600,&quot;height&quot;:600},&quot;large&quot;:{&quot;url&quot;:&quot;https:\\\/\\\/www.jata.es\\\/49555-thickbox_default\\\/exprimidor.jpg&quot;,&quot;width&quot;:1200,&quot;height&quot;:1200},&quot;legend&quot;:&quot;&quot;,&quot;id_image&quot;:&quot;49555&quot;,&quot;cover&quot;:&quot;1&quot;,&quot;position&quot;:&quot;7&quot;,&quot;associatedVariants&quot;:[]},{&quot;bySize&quot;:{&quot;small_default&quot;:{&quot;url&quot;:&quot;https:\\\/\\\/www.jata.es\\\/49558-small_default\\\/exprimidor.jpg&quot;,&quot;width&quot;:120,&quot;height&quot;:120},&quot;cart_default&quot;:{&quot;url&quot;:&quot;https:\\\/\\\/www.jata.es\\\/49558-cart_default\\\/exprimidor.jpg&quot;,&quot;width&quot;:130,&quot;height&quot;:130},&quot;pdf_image&quot;:{&quot;url&quot;:&quot;https:\\\/\\\/www.jata.es\\\/49558-pdf_image\\\/exprimidor.jpg&quot;,&quot;width&quot;:300,&quot;height&quot;:300},&quot;medium_default&quot;:{&quot;url&quot;:&quot;https:\\\/\\\/www.jata.es\\\/49558-medium_default\\\/exprimidor.jpg&quot;,&quot;width&quot;:600,&quot;height&quot;:600},&quot;home_default&quot;:{&quot;url&quot;:&quot;https:\\\/\\\/www.jata.es\\\/49558-home_default\\\/exprimidor.jpg&quot;,&quot;width&quot;:700,&quot;height&quot;:700},&quot;large_default&quot;:{&quot;url&quot;:&quot;https:\\\/\\\/www.jata.es\\\/49558-large_default\\\/exprimidor.jpg&quot;,&quot;width&quot;:800,&quot;height&quot;:800},&quot;thickbox_default&quot;:{&quot;url&quot;:&quot;https:\\\/\\\/www.jata.es\\\/49558-thickbox_default\\\/exprimidor.jpg&quot;,&quot;width&quot;:1200,&quot;height&quot;:1200}},&quot;small&quot;:{&quot;url&quot;:&quot;https:\\\/\\\/www.jata.es\\\/49558-small_default\\\/exprimidor.jpg&quot;,&quot;width&quot;:120,&quot;height&quot;:120},&quot;medium&quot;:{&quot;url&quot;:&quot;https:\\\/\\\/www.jata.es\\\/49558-medium_default\\\/exprimidor.jpg&quot;,&quot;width&quot;:600,&quot;height&quot;:600},&quot;large&quot;:{&quot;url&quot;:&quot;https:\\\/\\\/www.jata.es\\\/49558-thickbox_default\\\/exprimidor.jpg&quot;,&quot;width&quot;:1200,&quot;height&quot;:1200},&quot;legend&quot;:&quot;&quot;,&quot;id_image&quot;:&quot;49558&quot;,&quot;cover&quot;:null,&quot;position&quot;:&quot;8&quot;,&quot;associatedVariants&quot;:[]},{&quot;bySize&quot;:{&quot;small_default&quot;:{&quot;url&quot;:&quot;https:\\\/\\\/www.jata.es\\\/49560-small_default\\\/exprimidor.jpg&quot;,&quot;width&quot;:120,&quot;height&quot;:120},&quot;cart_default&quot;:{&quot;url&quot;:&quot;https:\\\/\\\/www.jata.es\\\/49560-cart_default\\\/exprimidor.jpg&quot;,&quot;width&quot;:130,&quot;height&quot;:130},&quot;pdf_image&quot;:{&quot;url&quot;:&quot;https:\\\/\\\/www.jata.es\\\/49560-pdf_image\\\/exprimidor.jpg&quot;,&quot;width&quot;:300,&quot;height&quot;:300},&quot;medium_default&quot;:{&quot;url&quot;:&quot;https:\\\/\\\/www.jata.es\\\/49560-medium_default\\\/exprimidor.jpg&quot;,&quot;width&quot;:600,&quot;height&quot;:600},&quot;home_default&quot;:{&quot;url&quot;:&quot;https:\\\/\\\/www.jata.es\\\/49560-home_default\\\/exprimidor.jpg&quot;,&quot;width&quot;:700,&quot;height&quot;:700},&quot;large_default&quot;:{&quot;url&quot;:&quot;https:\\\/\\\/www.jata.es\\\/49560-large_default\\\/exprimidor.jpg&quot;,&quot;width&quot;:800,&quot;height&quot;:800},&quot;thickbox_default&quot;:{&quot;url&quot;:&quot;https:\\\/\\\/www.jata.es\\\/49560-thickbox_default\\\/exprimidor.jpg&quot;,&quot;width&quot;:1200,&quot;height&quot;:1200}},&quot;small&quot;:{&quot;url&quot;:&quot;https:\\\/\\\/www.jata.es\\\/49560-small_default\\\/exprimidor.jpg&quot;,&quot;width&quot;:120,&quot;height&quot;:120},&quot;medium&quot;:{&quot;url&quot;:&quot;https:\\\/\\\/www.jata.es\\\/49560-medium_default\\\/exprimidor.jpg&quot;,&quot;width&quot;:600,&quot;height&quot;:600},&quot;large&quot;:{&quot;url&quot;:&quot;https:\\\/\\\/www.jata.es\\\/49560-thickbox_default\\\/exprimidor.jpg&quot;,&quot;width&quot;:1200,&quot;height&quot;:1200},&quot;legend&quot;:&quot;&quot;,&quot;id_image&quot;:&quot;49560&quot;,&quot;cover&quot;:null,&quot;position&quot;:&quot;9&quot;,&quot;associatedVariants&quot;:[]}],&quot;cover&quot;:{&quot;bySize&quot;:{&quot;small_default&quot;:{&quot;url&quot;:&quot;https:\\\/\\\/www.jata.es\\\/49555-small_default\\\/exprimidor.jpg&quot;,&quot;width&quot;:120,&quot;height&quot;:120},&quot;cart_default&quot;:{&quot;url&quot;:&quot;https:\\\/\\\/www.jata.es\\\/49555-cart_default\\\/exprimidor.jpg&quot;,&quot;width&quot;:130,&quot;height&quot;:130},&quot;pdf_image&quot;:{&quot;url&quot;:&quot;https:\\\/\\\/www.jata.es\\\/49555-pdf_image\\\/exprimidor.jpg&quot;,&quot;width&quot;:300,&quot;height&quot;:300},&quot;medium_default&quot;:{&quot;url&quot;:&quot;https:\\\/\\\/www.jata.es\\\/49555-medium_default\\\/exprimidor.jpg&quot;,&quot;width&quot;:600,&quot;height&quot;:600},&quot;home_default&quot;:{&quot;url&quot;:&quot;https:\\\/\\\/www.jata.es\\\/49555-home_default\\\/exprimidor.jpg&quot;,&quot;width&quot;:700,&quot;height&quot;:700},&quot;large_default&quot;:{&quot;url&quot;:&quot;https:\\\/\\\/www.jata.es\\\/49555-large_default\\\/exprimidor.jpg&quot;,&quot;width&quot;:800,&quot;height&quot;:800},&quot;thickbox_default&quot;:{&quot;url&quot;:&quot;https:\\\/\\\/www.jata.es\\\/49555-thickbox_default\\\/exprimidor.jpg&quot;,&quot;width&quot;:1200,&quot;height&quot;:1200}},&quot;small&quot;:{&quot;url&quot;:&quot;https:\\\/\\\/www.jata.es\\\/49555-small_default\\\/exprimidor.jpg&quot;,&quot;width&quot;:120,&quot;height&quot;:120},&quot;medium&quot;:{&quot;url&quot;:&quot;https:\\\/\\\/www.jata.es\\\/49555-medium_default\\\/exprimidor.jpg&quot;,&quot;width&quot;:600,&quot;height&quot;:600},&quot;large&quot;:{&quot;url&quot;:&quot;https:\\\/\\\/www.jata.es\\\/49555-thickbox_default\\\/exprimidor.jpg&quot;,&quot;width&quot;:1200,&quot;height&quot;:1200},&quot;legend&quot;:&quot;&quot;,&quot;id_image&quot;:&quot;49555&quot;,&quot;cover&quot;:&quot;1&quot;,&quot;position&quot;:&quot;7&quot;,&quot;associatedVariants&quot;:[]},&quot;has_discount&quot;:false,&quot;discount_type&quot;:null,&quot;discount_percentage&quot;:null,&quot;discount_percentage_absolute&quot;:null,&quot;discount_amount&quot;:null,&quot;discount_amount_to_display&quot;:null,&quot;price_amount&quot;:32.5,&quot;unit_price_full&quot;:&quot;&quot;,&quot;show_availability&quot;:true,&quot;availability_date&quot;:null,&quot;availability_message&quot;:&quot;&quot;,&quot;availability&quot;:&quot;available&quot;}\">\n<section class=\"product-features\">\n<dl class=\"data-sheet\">\n<dt class=\"name\"><\/dt>\n<dd class=\"value\"><\/dd>\n<dt class=\"name\"><\/dt>\n<dd class=\"value\"><\/dd>\n<dt class=\"name\"><\/dt>\n<dd class=\"value\"><\/dd>\n<dt class=\"name\"><\/dt>\n<dd class=\"value\"><\/dd>\n<dt class=\"name\"><\/dt>\n<dd class=\"value\"><\/dd>\n<dt class=\"name\"><\/dt>\n<dd class=\"value\"><\/dd>\n<dt class=\"name\"><\/dt>\n<dd class=\"value\"><\/dd>\n<dt class=\"name\"><\/dt>\n<dd class=\"value\"><\/dd>\n<dt class=\"name\"><\/dt>\n<dd class=\"value\"><\/dd>\n<\/dl>\n<\/section>\n<div class=\"product-reference\"><\/div>\n<div class=\"product-out-of-stock\"><\/div>\n<\/div>\n<\/div>\n<div id=\"attachments\" class=\"tab-pane in\">\n<section class=\"product-attachments\">\n<div class=\"attachment\"><i class=\"fa fa-download\" aria-hidden=\"true\"><\/i>&nbsp;<\/p>\n<hr \/>\n<\/div>\n<\/section>\n<\/div>\n<\/div>\n<\/div>\n<div id=\"product-infos-accordion-mobile\" class=\"iqit-accordion\" role=\"tablist\" aria-multiselectable=\"true\"><\/div>\n<\/div>\n<div id=\"wpcf7-f4-o1\" class=\"wpcf7 hook\" dir=\"ltr\" role=\"form\" data-id=\"4\">\n<form action=\"https:\/\/www.jata.es\/module\/ets_contactform7\/submit\" autocomplete=\"false\" enctype=\"multipart\/form-data\" method=\"post\" novalidate=\"novalidate\">\n<div class=\"container contact-f7-form-second contact-f7-form-manual\"><\/div>\n<\/form>\n<\/div>\n","protected":false},"featured_media":1758,"comment_status":"open","ping_status":"closed","template":"","meta":{"om_disable_all_campaigns":false,"_monsterinsights_skip_tracking":false,"_monsterinsights_sitenote_active":false,"_monsterinsights_sitenote_note":"","_monsterinsights_sitenote_category":0,"site-sidebar-layout":"default","site-content-layout":"","ast-site-content-layout":"default","site-content-style":"default","site-sidebar-style":"default","ast-global-header-display":"","ast-banner-title-visibility":"","ast-main-header-display":"","ast-hfb-above-header-display":"","ast-hfb-below-header-display":"","ast-hfb-mobile-header-display":"","site-post-title":"","ast-breadcrumbs-content":"","ast-featured-img":"","footer-sml-layout":"","theme-transparent-header-meta":"default","adv-header-id-meta":"","stick-header-meta":"","header-above-stick-meta":"","header-main-stick-meta":"","header-below-stick-meta":"","astra-migrate-meta-layouts":"set","ast-page-background-enabled":"default","ast-page-background-meta":{"desktop":{"background-color":"var(--ast-global-color-4)","background-image":"","background-repeat":"repeat","background-position":"center center","background-size":"auto","background-attachment":"scroll","background-type":"","background-media":"","overlay-type":"","overlay-color":"","overlay-gradient":""},"tablet":{"background-color":"","background-image":"","background-repeat":"repeat","background-position":"center center","background-size":"auto","background-attachment":"scroll","background-type":"","background-media":"","overlay-type":"","overlay-color":"","overlay-gradient":""},"mobile":{"background-color":"","background-image":"","background-repeat":"repeat","background-position":"center center","background-size":"auto","background-attachment":"scroll","background-type":"","background-media":"","overlay-type":"","overlay-color":"","overlay-gradient":""}},"ast-content-background-meta":{"desktop":{"background-color":"var(--ast-global-color-5)","background-image":"","background-repeat":"repeat","background-position":"center center","background-size":"auto","background-attachment":"scroll","background-type":"","background-media":"","overlay-type":"","overlay-color":"","overlay-gradient":""},"tablet":{"background-color":"var(--ast-global-color-5)","background-image":"","background-repeat":"repeat","background-position":"center center","background-size":"auto","background-attachment":"scroll","background-type":"","background-media":"","overlay-type":"","overlay-color":"","overlay-gradient":""},"mobile":{"background-color":"var(--ast-global-color-5)","background-image":"","background-repeat":"repeat","background-position":"center center","background-size":"auto","background-attachment":"scroll","background-type":"","background-media":"","overlay-type":"","overlay-color":"","overlay-gradient":""}}},"product_cat":[63],"product_tag":[],"aioseo_notices":[],"jetpack_sharing_enabled":true,"_links":{"self":[{"href":"https:\/\/lomina.es\/index.php?rest_route=\/wp\/v2\/product\/1757"}],"collection":[{"href":"https:\/\/lomina.es\/index.php?rest_route=\/wp\/v2\/product"}],"about":[{"href":"https:\/\/lomina.es\/index.php?rest_route=\/wp\/v2\/types\/product"}],"replies":[{"embeddable":true,"href":"https:\/\/lomina.es\/index.php?rest_route=%2Fwp%2Fv2%2Fcomments&post=1757"}],"wp:featuredmedia":[{"embeddable":true,"href":"https:\/\/lomina.es\/index.php?rest_route=\/wp\/v2\/media\/1758"}],"wp:attachment":[{"href":"https:\/\/lomina.es\/index.php?rest_route=%2Fwp%2Fv2%2Fmedia&parent=1757"}],"wp:term":[{"taxonomy":"product_cat","embeddable":true,"href":"https:\/\/lomina.es\/index.php?rest_route=%2Fwp%2Fv2%2Fproduct_cat&post=1757"},{"taxonomy":"product_tag","embeddable":true,"href":"https:\/\/lomina.es\/index.php?rest_route=%2Fwp%2Fv2%2Fproduct_tag&post=1757"}],"curies":[{"name":"wp","href":"https:\/\/api.w.org\/{rel}","templated":true}]}}