{"id":1639,"date":"2025-10-29T12:07:48","date_gmt":"2025-10-29T11:07:48","guid":{"rendered":"https:\/\/lomina.es\/?post_type=product&#038;p=1639"},"modified":"2026-01-31T13:31:22","modified_gmt":"2026-01-31T12:31:22","slug":"difusor-para-rizos-suaves-bellissima","status":"publish","type":"product","link":"https:\/\/lomina.es\/?product=difusor-para-rizos-suaves-bellissima","title":{"rendered":"Difusor para rizos suaves Bellissima 11968"},"content":{"rendered":"<p><strong>Rizos definidos<\/strong>\u00a0y flexibles gracias al\u00a0<strong>secado suave<\/strong>\u00a0espec\u00edfico para rizos.\u00a0<strong>Cabello hidratado y sin encrespamiento<\/strong>\u00a0gracias al buen calor de la cer\u00e1mica.<\/p>\n","protected":false},"excerpt":{"rendered":"<p>Caracter\u00edsticas<\/p>\n<ul>\n<li>Realza la belleza de tus rizos con un producto especial para secarlos: difusor y secador en uno<\/li>\n<li>Secado suave para unos rizos flexibles y sin encrespamiento con el Dry Care System<\/li>\n<li>Peinado definido, cabello protegido y brillante gracias al buen calor de la cer\u00e1mica, con acci\u00f3n antiencrespamiento y antisequedad<\/li>\n<li>Rizos moldeados y compuestos: con el Curls Booster System, que combina la acci\u00f3n de la rejilla perforada y 12 dedos largos que trabajan los mechones durante el secado sin despeinarlos<\/li>\n<li>Seca todo el cabello sin cansarte gracias a su c\u00f3modo mango; el difusor est\u00e1 integrado, por lo que no hay riesgo de que se caiga, y la rejilla est\u00e1 especialmente dise\u00f1ada para evitar que los molestos pelos se atasquen en el ventilador<\/li>\n<li>Secado personalizado con 2 niveles de aire\/temperatura<\/li>\n<li>Compacto y ligero: podr\u00e1s llevarlo siempre contigo, incluso de viaje.<\/li>\n<\/ul>\n","protected":false},"featured_media":1641,"comment_status":"open","ping_status":"closed","template":"","meta":{"om_disable_all_campaigns":false,"_monsterinsights_skip_tracking":false,"_monsterinsights_sitenote_active":false,"_monsterinsights_sitenote_note":"","_monsterinsights_sitenote_category":0,"site-sidebar-layout":"default","site-content-layout":"","ast-site-content-layout":"default","site-content-style":"default","site-sidebar-style":"default","ast-global-header-display":"","ast-banner-title-visibility":"","ast-main-header-display":"","ast-hfb-above-header-display":"","ast-hfb-below-header-display":"","ast-hfb-mobile-header-display":"","site-post-title":"","ast-breadcrumbs-content":"","ast-featured-img":"","footer-sml-layout":"","theme-transparent-header-meta":"default","adv-header-id-meta":"","stick-header-meta":"","header-above-stick-meta":"","header-main-stick-meta":"","header-below-stick-meta":"","astra-migrate-meta-layouts":"set","ast-page-background-enabled":"default","ast-page-background-meta":{"desktop":{"background-color":"var(--ast-global-color-4)","background-image":"","background-repeat":"repeat","background-position":"center center","background-size":"auto","background-attachment":"scroll","background-type":"","background-media":"","overlay-type":"","overlay-color":"","overlay-gradient":""},"tablet":{"background-color":"","background-image":"","background-repeat":"repeat","background-position":"center center","background-size":"auto","background-attachment":"scroll","background-type":"","background-media":"","overlay-type":"","overlay-color":"","overlay-gradient":""},"mobile":{"background-color":"","background-image":"","background-repeat":"repeat","background-position":"center center","background-size":"auto","background-attachment":"scroll","background-type":"","background-media":"","overlay-type":"","overlay-color":"","overlay-gradient":""}},"ast-content-background-meta":{"desktop":{"background-color":"var(--ast-global-color-5)","background-image":"","background-repeat":"repeat","background-position":"center center","background-size":"auto","background-attachment":"scroll","background-type":"","background-media":"","overlay-type":"","overlay-color":"","overlay-gradient":""},"tablet":{"background-color":"var(--ast-global-color-5)","background-image":"","background-repeat":"repeat","background-position":"center center","background-size":"auto","background-attachment":"scroll","background-type":"","background-media":"","overlay-type":"","overlay-color":"","overlay-gradient":""},"mobile":{"background-color":"var(--ast-global-color-5)","background-image":"","background-repeat":"repeat","background-position":"center center","background-size":"auto","background-attachment":"scroll","background-type":"","background-media":"","overlay-type":"","overlay-color":"","overlay-gradient":""}}},"product_cat":[66],"product_tag":[],"aioseo_notices":[],"jetpack_sharing_enabled":true,"_links":{"self":[{"href":"https:\/\/lomina.es\/index.php?rest_route=\/wp\/v2\/product\/1639"}],"collection":[{"href":"https:\/\/lomina.es\/index.php?rest_route=\/wp\/v2\/product"}],"about":[{"href":"https:\/\/lomina.es\/index.php?rest_route=\/wp\/v2\/types\/product"}],"replies":[{"embeddable":true,"href":"https:\/\/lomina.es\/index.php?rest_route=%2Fwp%2Fv2%2Fcomments&post=1639"}],"wp:featuredmedia":[{"embeddable":true,"href":"https:\/\/lomina.es\/index.php?rest_route=\/wp\/v2\/media\/1641"}],"wp:attachment":[{"href":"https:\/\/lomina.es\/index.php?rest_route=%2Fwp%2Fv2%2Fmedia&parent=1639"}],"wp:term":[{"taxonomy":"product_cat","embeddable":true,"href":"https:\/\/lomina.es\/index.php?rest_route=%2Fwp%2Fv2%2Fproduct_cat&post=1639"},{"taxonomy":"product_tag","embeddable":true,"href":"https:\/\/lomina.es\/index.php?rest_route=%2Fwp%2Fv2%2Fproduct_tag&post=1639"}],"curies":[{"name":"wp","href":"https:\/\/api.w.org\/{rel}","templated":true}]}}