{"id":1412,"date":"2025-10-10T15:26:04","date_gmt":"2025-10-10T13:26:04","guid":{"rendered":"https:\/\/lomina.es\/?post_type=product&#038;p=1412"},"modified":"2025-10-10T15:26:04","modified_gmt":"2025-10-10T13:26:04","slug":"calefactor-ceramico-orbegozo","status":"publish","type":"product","link":"https:\/\/lomina.es\/?product=calefactor-ceramico-orbegozo","title":{"rendered":"Calefactor cer\u00e1mico Orbegozo"},"content":{"rendered":"<p>El Calefactor Cer\u00e1mico CR 5113 ofrece calor r\u00e1pido en un dise\u00f1o compacto y seguro, ideal para estancias peque\u00f1as.<\/p>\n","protected":false},"excerpt":{"rendered":"<p>Caracter\u00edsticas<\/p>\n<ul>\n<li data-start=\"149\" data-end=\"180\">\n<p data-start=\"151\" data-end=\"180\">Potencia m\u00e1xima: 1500 W<\/p>\n<\/li>\n<li data-start=\"181\" data-end=\"253\">\n<p data-start=\"183\" data-end=\"253\">Tecnolog\u00eda cer\u00e1mica PTC para un calentamiento r\u00e1pido y eficiente<\/p>\n<\/li>\n<li data-start=\"254\" data-end=\"301\">\n<p data-start=\"256\" data-end=\"301\">2 niveles de calor + funci\u00f3n ventilador<\/p>\n<\/li>\n<li data-start=\"302\" data-end=\"330\">\n<p data-start=\"304\" data-end=\"330\">Termostato ajustable<\/p>\n<\/li>\n<li data-start=\"331\" data-end=\"404\">\n<p data-start=\"333\" data-end=\"404\">Dise\u00f1o vertical y compacto, f\u00e1cil de ubicar en espacios reducidos<\/p>\n<\/li>\n<li data-start=\"405\" data-end=\"444\">\n<p data-start=\"407\" data-end=\"444\">Sistema de seguridad antivuelco<\/p>\n<\/li>\n<li data-start=\"445\" data-end=\"489\">\n<p data-start=\"447\" data-end=\"489\">Protecci\u00f3n contra sobrecalentamiento<\/p>\n<\/li>\n<li data-start=\"490\" data-end=\"525\">\n<p data-start=\"492\" data-end=\"525\">Asa de transporte integrada<\/p>\n<\/li>\n<li data-start=\"526\" data-end=\"562\">\n<p data-start=\"528\" data-end=\"562\">Piloto luminoso de encendido<\/p>\n<\/li>\n<li data-start=\"563\" data-end=\"594\">\n<p data-start=\"565\" data-end=\"594\">Funcionamiento silencioso<\/p>\n<\/li>\n<\/ul>\n","protected":false},"featured_media":1414,"comment_status":"open","ping_status":"closed","template":"","meta":{"om_disable_all_campaigns":false,"_monsterinsights_skip_tracking":false,"_monsterinsights_sitenote_active":false,"_monsterinsights_sitenote_note":"","_monsterinsights_sitenote_category":0,"site-sidebar-layout":"default","site-content-layout":"","ast-site-content-layout":"default","site-content-style":"default","site-sidebar-style":"default","ast-global-header-display":"","ast-banner-title-visibility":"","ast-main-header-display":"","ast-hfb-above-header-display":"","ast-hfb-below-header-display":"","ast-hfb-mobile-header-display":"","site-post-title":"","ast-breadcrumbs-content":"","ast-featured-img":"","footer-sml-layout":"","theme-transparent-header-meta":"default","adv-header-id-meta":"","stick-header-meta":"","header-above-stick-meta":"","header-main-stick-meta":"","header-below-stick-meta":"","astra-migrate-meta-layouts":"set","ast-page-background-enabled":"default","ast-page-background-meta":{"desktop":{"background-color":"var(--ast-global-color-4)","background-image":"","background-repeat":"repeat","background-position":"center center","background-size":"auto","background-attachment":"scroll","background-type":"","background-media":"","overlay-type":"","overlay-color":"","overlay-gradient":""},"tablet":{"background-color":"","background-image":"","background-repeat":"repeat","background-position":"center center","background-size":"auto","background-attachment":"scroll","background-type":"","background-media":"","overlay-type":"","overlay-color":"","overlay-gradient":""},"mobile":{"background-color":"","background-image":"","background-repeat":"repeat","background-position":"center center","background-size":"auto","background-attachment":"scroll","background-type":"","background-media":"","overlay-type":"","overlay-color":"","overlay-gradient":""}},"ast-content-background-meta":{"desktop":{"background-color":"var(--ast-global-color-5)","background-image":"","background-repeat":"repeat","background-position":"center center","background-size":"auto","background-attachment":"scroll","background-type":"","background-media":"","overlay-type":"","overlay-color":"","overlay-gradient":""},"tablet":{"background-color":"var(--ast-global-color-5)","background-image":"","background-repeat":"repeat","background-position":"center center","background-size":"auto","background-attachment":"scroll","background-type":"","background-media":"","overlay-type":"","overlay-color":"","overlay-gradient":""},"mobile":{"background-color":"var(--ast-global-color-5)","background-image":"","background-repeat":"repeat","background-position":"center center","background-size":"auto","background-attachment":"scroll","background-type":"","background-media":"","overlay-type":"","overlay-color":"","overlay-gradient":""}}},"product_cat":[30],"product_tag":[],"aioseo_notices":[],"jetpack_sharing_enabled":true,"_links":{"self":[{"href":"https:\/\/lomina.es\/index.php?rest_route=\/wp\/v2\/product\/1412"}],"collection":[{"href":"https:\/\/lomina.es\/index.php?rest_route=\/wp\/v2\/product"}],"about":[{"href":"https:\/\/lomina.es\/index.php?rest_route=\/wp\/v2\/types\/product"}],"replies":[{"embeddable":true,"href":"https:\/\/lomina.es\/index.php?rest_route=%2Fwp%2Fv2%2Fcomments&post=1412"}],"wp:featuredmedia":[{"embeddable":true,"href":"https:\/\/lomina.es\/index.php?rest_route=\/wp\/v2\/media\/1414"}],"wp:attachment":[{"href":"https:\/\/lomina.es\/index.php?rest_route=%2Fwp%2Fv2%2Fmedia&parent=1412"}],"wp:term":[{"taxonomy":"product_cat","embeddable":true,"href":"https:\/\/lomina.es\/index.php?rest_route=%2Fwp%2Fv2%2Fproduct_cat&post=1412"},{"taxonomy":"product_tag","embeddable":true,"href":"https:\/\/lomina.es\/index.php?rest_route=%2Fwp%2Fv2%2Fproduct_tag&post=1412"}],"curies":[{"name":"wp","href":"https:\/\/api.w.org\/{rel}","templated":true}]}}