{"id":1402,"date":"2025-10-10T12:24:10","date_gmt":"2025-10-10T10:24:10","guid":{"rendered":"https:\/\/lomina.es\/?post_type=product&#038;p=1402"},"modified":"2025-10-10T12:24:10","modified_gmt":"2025-10-10T10:24:10","slug":"mini-calefactor-ceramico-orbegozo","status":"publish","type":"product","link":"https:\/\/lomina.es\/?product=mini-calefactor-ceramico-orbegozo","title":{"rendered":"Mini Calefactor cer\u00e1mico Orbegozo"},"content":{"rendered":"<p>El mini calefactor cer\u00e1mico CR 4000 ofrece calefacci\u00f3n r\u00e1pida y eficiente en espacios peque\u00f1os gracias a su tecnolog\u00eda PTC. Compacto y port\u00e1til, es ideal para uso personal en oficinas o habitaciones.<\/p>\n","protected":false},"excerpt":{"rendered":"<p>Caracter\u00edsticas:<\/p>\n<ul class=\"ul1\">\n<li class=\"li1\"><span class=\"s1\">Potencia: 600 W.<\/span><\/li>\n<li class=\"li1\"><span class=\"s1\">Temporizador programable hasta 12 h.<\/span><\/li>\n<li class=\"li1\"><span class=\"s1\">Calienta de forma r\u00e1pida y f\u00e1cil.<\/span><\/li>\n<li class=\"li1\"><span class=\"s1\">2 velocidades.<\/span><\/li>\n<li class=\"li1\"><span class=\"s1\">Display LED.<\/span><\/li>\n<li class=\"li1\"><span class=\"s1\">Termostato ajustable.<\/span><\/li>\n<li class=\"li1\"><span class=\"s1\">Rango de temperatura: 15 \u00b0C + 32 \u00b0C.<\/span><\/li>\n<li class=\"li1\"><span class=\"s1\">Rotaci\u00f3n 360\u00b0, se adapta a cualquier toma de corriente.<\/span><\/li>\n<li class=\"li1\"><span class=\"s1\">Ideal para calentar espacios peque\u00f1os.<\/span><\/li>\n<\/ul>\n","protected":false},"featured_media":1404,"comment_status":"open","ping_status":"closed","template":"","meta":{"om_disable_all_campaigns":false,"_monsterinsights_skip_tracking":false,"_monsterinsights_sitenote_active":false,"_monsterinsights_sitenote_note":"","_monsterinsights_sitenote_category":0,"site-sidebar-layout":"default","site-content-layout":"","ast-site-content-layout":"default","site-content-style":"default","site-sidebar-style":"default","ast-global-header-display":"","ast-banner-title-visibility":"","ast-main-header-display":"","ast-hfb-above-header-display":"","ast-hfb-below-header-display":"","ast-hfb-mobile-header-display":"","site-post-title":"","ast-breadcrumbs-content":"","ast-featured-img":"","footer-sml-layout":"","theme-transparent-header-meta":"default","adv-header-id-meta":"","stick-header-meta":"","header-above-stick-meta":"","header-main-stick-meta":"","header-below-stick-meta":"","astra-migrate-meta-layouts":"set","ast-page-background-enabled":"default","ast-page-background-meta":{"desktop":{"background-color":"var(--ast-global-color-4)","background-image":"","background-repeat":"repeat","background-position":"center center","background-size":"auto","background-attachment":"scroll","background-type":"","background-media":"","overlay-type":"","overlay-color":"","overlay-gradient":""},"tablet":{"background-color":"","background-image":"","background-repeat":"repeat","background-position":"center center","background-size":"auto","background-attachment":"scroll","background-type":"","background-media":"","overlay-type":"","overlay-color":"","overlay-gradient":""},"mobile":{"background-color":"","background-image":"","background-repeat":"repeat","background-position":"center center","background-size":"auto","background-attachment":"scroll","background-type":"","background-media":"","overlay-type":"","overlay-color":"","overlay-gradient":""}},"ast-content-background-meta":{"desktop":{"background-color":"var(--ast-global-color-5)","background-image":"","background-repeat":"repeat","background-position":"center center","background-size":"auto","background-attachment":"scroll","background-type":"","background-media":"","overlay-type":"","overlay-color":"","overlay-gradient":""},"tablet":{"background-color":"var(--ast-global-color-5)","background-image":"","background-repeat":"repeat","background-position":"center center","background-size":"auto","background-attachment":"scroll","background-type":"","background-media":"","overlay-type":"","overlay-color":"","overlay-gradient":""},"mobile":{"background-color":"var(--ast-global-color-5)","background-image":"","background-repeat":"repeat","background-position":"center center","background-size":"auto","background-attachment":"scroll","background-type":"","background-media":"","overlay-type":"","overlay-color":"","overlay-gradient":""}}},"product_cat":[30],"product_tag":[],"aioseo_notices":[],"jetpack_sharing_enabled":true,"_links":{"self":[{"href":"https:\/\/lomina.es\/index.php?rest_route=\/wp\/v2\/product\/1402"}],"collection":[{"href":"https:\/\/lomina.es\/index.php?rest_route=\/wp\/v2\/product"}],"about":[{"href":"https:\/\/lomina.es\/index.php?rest_route=\/wp\/v2\/types\/product"}],"replies":[{"embeddable":true,"href":"https:\/\/lomina.es\/index.php?rest_route=%2Fwp%2Fv2%2Fcomments&post=1402"}],"wp:featuredmedia":[{"embeddable":true,"href":"https:\/\/lomina.es\/index.php?rest_route=\/wp\/v2\/media\/1404"}],"wp:attachment":[{"href":"https:\/\/lomina.es\/index.php?rest_route=%2Fwp%2Fv2%2Fmedia&parent=1402"}],"wp:term":[{"taxonomy":"product_cat","embeddable":true,"href":"https:\/\/lomina.es\/index.php?rest_route=%2Fwp%2Fv2%2Fproduct_cat&post=1402"},{"taxonomy":"product_tag","embeddable":true,"href":"https:\/\/lomina.es\/index.php?rest_route=%2Fwp%2Fv2%2Fproduct_tag&post=1402"}],"curies":[{"name":"wp","href":"https:\/\/api.w.org\/{rel}","templated":true}]}}