{"id":1318,"date":"2025-06-12T13:10:44","date_gmt":"2025-06-12T11:10:44","guid":{"rendered":"https:\/\/lomina.es\/?post_type=product&#038;p=1318"},"modified":"2026-01-31T13:27:53","modified_gmt":"2026-01-31T12:27:53","slug":"rizador-de-pelo-tristar-sin-cable","status":"publish","type":"product","link":"https:\/\/lomina.es\/?product=rizador-de-pelo-tristar-sin-cable","title":{"rendered":"Rizador de pelo Tristar sin cable HD2502"},"content":{"rendered":"<p>nueva rizador Tristar HD-5202 que te permitir\u00e1 crear rizos y ondas perfectos donde quieras. \u00bfUna fiesta de \u00faltima hora? Este rizador inal\u00e1mbrico garantiza que puedas peinar tu cabello a tu manera, incluso sobre la marcha. Tiene un tiempo de carga de 3 horas y luego se puede usar durante 40 minutos. El rizador se calienta en 2 minutos y viene con una abrazadera para obtener mejores resultados.<\/p>\n","protected":false},"excerpt":{"rendered":"<p>CARACTER\u00cdSTICAS<\/p>\n<ul class=\"a-unordered-list a-vertical a-spacing-mini\">\n<li class=\"a-spacing-mini\"><span class=\"a-list-item\"><strong>3 ajustes de temperatura<\/strong>: Tres ajustes de temperatura diferentes te permiten elegir la temperatura que mejor se adapta a tu cabello. Encuentra el ajuste perfecto que se adapte a tus necesidades de peinado.<\/span><\/li>\n<li class=\"a-spacing-mini\"><span class=\"a-list-item\"><strong>Sin cables<\/strong>: el art\u00edculo no tiene cables, por lo que es ideal para viajar. Sin molestos cables que limiten tus movimientos, peina tu cabello en cualquier momento y lugar con la m\u00e1xima comodidad.<\/span><\/li>\n<li class=\"a-spacing-mini\"><span class=\"a-list-item\"><strong>Punta Cool-Touch<\/strong>: la punta Cool-Touch te permite sujetar el rizador con seguridad mientras te peinas. La tecnolog\u00eda especial garantiza que la punta del rizador se mantenga fr\u00eda, para que no tengas que preocuparte por quemarte.<\/span><\/li>\n<li class=\"a-spacing-mini\"><span class=\"a-list-item\"><strong>Seguridad<\/strong>: tras 20 minutos de inactividad, el rizador se apaga autom\u00e1ticamente. Esta funci\u00f3n ofrece seguridad adicional y le da la certeza de que el aparato no se dejar\u00e1 encendido inadvertidamente.<\/span><\/li>\n<li class=\"a-spacing-mini\"><span class=\"a-list-item\"><strong>Autonom\u00eda de 40 minutos<\/strong>: disfruta de al menos 40 minutos de autonom\u00eda, lo que te da tiempo de sobra para rizarte el pelo. Cuenta con una larga autonom\u00eda para crear diferentes estilos sin preocuparte de que se agote la bater\u00eda.<\/span><\/li>\n<\/ul>\n","protected":false},"featured_media":1320,"comment_status":"open","ping_status":"closed","template":"","meta":{"om_disable_all_campaigns":false,"_monsterinsights_skip_tracking":false,"_monsterinsights_sitenote_active":false,"_monsterinsights_sitenote_note":"","_monsterinsights_sitenote_category":0,"site-sidebar-layout":"default","site-content-layout":"","ast-site-content-layout":"default","site-content-style":"default","site-sidebar-style":"default","ast-global-header-display":"","ast-banner-title-visibility":"","ast-main-header-display":"","ast-hfb-above-header-display":"","ast-hfb-below-header-display":"","ast-hfb-mobile-header-display":"","site-post-title":"","ast-breadcrumbs-content":"","ast-featured-img":"","footer-sml-layout":"","theme-transparent-header-meta":"default","adv-header-id-meta":"","stick-header-meta":"","header-above-stick-meta":"","header-main-stick-meta":"","header-below-stick-meta":"","astra-migrate-meta-layouts":"set","ast-page-background-enabled":"default","ast-page-background-meta":{"desktop":{"background-color":"var(--ast-global-color-4)","background-image":"","background-repeat":"repeat","background-position":"center center","background-size":"auto","background-attachment":"scroll","background-type":"","background-media":"","overlay-type":"","overlay-color":"","overlay-gradient":""},"tablet":{"background-color":"","background-image":"","background-repeat":"repeat","background-position":"center center","background-size":"auto","background-attachment":"scroll","background-type":"","background-media":"","overlay-type":"","overlay-color":"","overlay-gradient":""},"mobile":{"background-color":"","background-image":"","background-repeat":"repeat","background-position":"center center","background-size":"auto","background-attachment":"scroll","background-type":"","background-media":"","overlay-type":"","overlay-color":"","overlay-gradient":""}},"ast-content-background-meta":{"desktop":{"background-color":"var(--ast-global-color-5)","background-image":"","background-repeat":"repeat","background-position":"center center","background-size":"auto","background-attachment":"scroll","background-type":"","background-media":"","overlay-type":"","overlay-color":"","overlay-gradient":""},"tablet":{"background-color":"var(--ast-global-color-5)","background-image":"","background-repeat":"repeat","background-position":"center center","background-size":"auto","background-attachment":"scroll","background-type":"","background-media":"","overlay-type":"","overlay-color":"","overlay-gradient":""},"mobile":{"background-color":"var(--ast-global-color-5)","background-image":"","background-repeat":"repeat","background-position":"center center","background-size":"auto","background-attachment":"scroll","background-type":"","background-media":"","overlay-type":"","overlay-color":"","overlay-gradient":""}}},"product_cat":[66],"product_tag":[],"aioseo_notices":[],"jetpack_sharing_enabled":true,"_links":{"self":[{"href":"https:\/\/lomina.es\/index.php?rest_route=\/wp\/v2\/product\/1318"}],"collection":[{"href":"https:\/\/lomina.es\/index.php?rest_route=\/wp\/v2\/product"}],"about":[{"href":"https:\/\/lomina.es\/index.php?rest_route=\/wp\/v2\/types\/product"}],"replies":[{"embeddable":true,"href":"https:\/\/lomina.es\/index.php?rest_route=%2Fwp%2Fv2%2Fcomments&post=1318"}],"wp:featuredmedia":[{"embeddable":true,"href":"https:\/\/lomina.es\/index.php?rest_route=\/wp\/v2\/media\/1320"}],"wp:attachment":[{"href":"https:\/\/lomina.es\/index.php?rest_route=%2Fwp%2Fv2%2Fmedia&parent=1318"}],"wp:term":[{"taxonomy":"product_cat","embeddable":true,"href":"https:\/\/lomina.es\/index.php?rest_route=%2Fwp%2Fv2%2Fproduct_cat&post=1318"},{"taxonomy":"product_tag","embeddable":true,"href":"https:\/\/lomina.es\/index.php?rest_route=%2Fwp%2Fv2%2Fproduct_tag&post=1318"}],"curies":[{"name":"wp","href":"https:\/\/api.w.org\/{rel}","templated":true}]}}