{"id":1313,"date":"2025-06-11T14:25:55","date_gmt":"2025-06-11T12:25:55","guid":{"rendered":"https:\/\/lomina.es\/?post_type=product&#038;p=1313"},"modified":"2026-01-31T13:29:21","modified_gmt":"2026-01-31T12:29:21","slug":"plancha-de-pelo-tristar-sin-cable","status":"publish","type":"product","link":"https:\/\/lomina.es\/?product=plancha-de-pelo-tristar-sin-cable","title":{"rendered":"Plancha de pelo Tristar-Sin cable HD2501"},"content":{"rendered":"<p>Nueva plancha de pelo Tristar 2501, esta plancha combina dos tecnolog\u00edas en una: funci\u00f3n inal\u00e1mbrica y vapor. Gracias a la tecnolog\u00eda de vapor, se necesita menos calentamiento para obtener unos resultados perfectos, evitando da\u00f1ar tu cabello. La plancha se carga por completo en tres horas con un tiempo de uso de 30 minutos a la temperatura m\u00e1s alta.<\/p>\n","protected":false},"excerpt":{"rendered":"<p>CARACTER\u00cdSTICAS<\/p>\n<ul class=\"a-unordered-list a-vertical a-spacing-mini\">\n<li class=\"a-spacing-mini\"><span class=\"a-list-item\">Perfecciona tu cabello y lo prepara para el d\u00eda mientras disfrutas de la libertad del uso sin cable.<\/span><\/li>\n<li class=\"a-spacing-mini\"><span class=\"a-list-item\"><strong>3 ajustes de temperatura<\/strong>: Con tres ajustes de temperatura personalizables, te damos la flexibilidad de elegir la temperatura que mejor se adapte a tu cabello. As\u00ed podr\u00e1s adaptar el cuidado de tu cabello a tus necesidades personales y conseguir resultados \u00f3ptimos.<\/span><\/li>\n<li class=\"a-spacing-mini\"><span class=\"a-list-item\"><strong>Ideal para viajar<\/strong>: gracias a su funci\u00f3n inal\u00e1mbrica, nuestro producto es ideal para utilizarlo en cualquier lugar. Tanto si est\u00e1s de viaje como si tienes prisa por llegar a una cita importante, nuestra herramienta de peinado te ofrece la libertad y flexibilidad que necesitas.<\/span><\/li>\n<li class=\"a-spacing-mini\"><span class=\"a-list-item\"><strong>Revestimiento cer\u00e1mico<\/strong>: el revestimiento cer\u00e1mico de alta calidad combinado con la innovadora funci\u00f3n de vapor no s\u00f3lo garantiza un peinado suave, sino que tambi\u00e9n proporciona a tu cabello un brillo maravilloso y una agradable suavidad. Nuestro producto es sin\u00f3nimo de resultados profesionales en el cuidado del cabello.<\/span><\/li>\n<li class=\"a-spacing-mini\"><span class=\"a-list-item\"><strong>30 minutos de uso<\/strong>: comprendemos la importancia de la eficacia y la velocidad en el mundo actual. Nuestro producto ofrece un impresionante tiempo de carga de s\u00f3lo tres horas, y una sola carga te proporciona 30 minutos de uso, incluso a la temperatura m\u00e1s alta. As\u00ed siempre estar\u00e1s lista para perfeccionar tu cabello en un abrir y cerrar de ojos.<\/span><\/li>\n<\/ul>\n","protected":false},"featured_media":1314,"comment_status":"open","ping_status":"closed","template":"","meta":{"om_disable_all_campaigns":false,"_monsterinsights_skip_tracking":false,"_monsterinsights_sitenote_active":false,"_monsterinsights_sitenote_note":"","_monsterinsights_sitenote_category":0,"site-sidebar-layout":"default","site-content-layout":"","ast-site-content-layout":"default","site-content-style":"default","site-sidebar-style":"default","ast-global-header-display":"","ast-banner-title-visibility":"","ast-main-header-display":"","ast-hfb-above-header-display":"","ast-hfb-below-header-display":"","ast-hfb-mobile-header-display":"","site-post-title":"","ast-breadcrumbs-content":"","ast-featured-img":"","footer-sml-layout":"","theme-transparent-header-meta":"default","adv-header-id-meta":"","stick-header-meta":"","header-above-stick-meta":"","header-main-stick-meta":"","header-below-stick-meta":"","astra-migrate-meta-layouts":"set","ast-page-background-enabled":"default","ast-page-background-meta":{"desktop":{"background-color":"var(--ast-global-color-4)","background-image":"","background-repeat":"repeat","background-position":"center center","background-size":"auto","background-attachment":"scroll","background-type":"","background-media":"","overlay-type":"","overlay-color":"","overlay-gradient":""},"tablet":{"background-color":"","background-image":"","background-repeat":"repeat","background-position":"center center","background-size":"auto","background-attachment":"scroll","background-type":"","background-media":"","overlay-type":"","overlay-color":"","overlay-gradient":""},"mobile":{"background-color":"","background-image":"","background-repeat":"repeat","background-position":"center center","background-size":"auto","background-attachment":"scroll","background-type":"","background-media":"","overlay-type":"","overlay-color":"","overlay-gradient":""}},"ast-content-background-meta":{"desktop":{"background-color":"var(--ast-global-color-5)","background-image":"","background-repeat":"repeat","background-position":"center center","background-size":"auto","background-attachment":"scroll","background-type":"","background-media":"","overlay-type":"","overlay-color":"","overlay-gradient":""},"tablet":{"background-color":"var(--ast-global-color-5)","background-image":"","background-repeat":"repeat","background-position":"center center","background-size":"auto","background-attachment":"scroll","background-type":"","background-media":"","overlay-type":"","overlay-color":"","overlay-gradient":""},"mobile":{"background-color":"var(--ast-global-color-5)","background-image":"","background-repeat":"repeat","background-position":"center center","background-size":"auto","background-attachment":"scroll","background-type":"","background-media":"","overlay-type":"","overlay-color":"","overlay-gradient":""}}},"product_cat":[66],"product_tag":[],"aioseo_notices":[],"jetpack_sharing_enabled":true,"_links":{"self":[{"href":"https:\/\/lomina.es\/index.php?rest_route=\/wp\/v2\/product\/1313"}],"collection":[{"href":"https:\/\/lomina.es\/index.php?rest_route=\/wp\/v2\/product"}],"about":[{"href":"https:\/\/lomina.es\/index.php?rest_route=\/wp\/v2\/types\/product"}],"replies":[{"embeddable":true,"href":"https:\/\/lomina.es\/index.php?rest_route=%2Fwp%2Fv2%2Fcomments&post=1313"}],"wp:featuredmedia":[{"embeddable":true,"href":"https:\/\/lomina.es\/index.php?rest_route=\/wp\/v2\/media\/1314"}],"wp:attachment":[{"href":"https:\/\/lomina.es\/index.php?rest_route=%2Fwp%2Fv2%2Fmedia&parent=1313"}],"wp:term":[{"taxonomy":"product_cat","embeddable":true,"href":"https:\/\/lomina.es\/index.php?rest_route=%2Fwp%2Fv2%2Fproduct_cat&post=1313"},{"taxonomy":"product_tag","embeddable":true,"href":"https:\/\/lomina.es\/index.php?rest_route=%2Fwp%2Fv2%2Fproduct_tag&post=1313"}],"curies":[{"name":"wp","href":"https:\/\/api.w.org\/{rel}","templated":true}]}}