{"id":1208,"date":"2025-06-06T14:39:06","date_gmt":"2025-06-06T12:39:06","guid":{"rendered":"https:\/\/lomina.es\/?post_type=product&#038;p=1208"},"modified":"2025-06-06T14:39:06","modified_gmt":"2025-06-06T12:39:06","slug":"maquina-orbegozo-crepes-electrica","status":"publish","type":"product","link":"https:\/\/lomina.es\/?product=maquina-orbegozo-crepes-electrica","title":{"rendered":"M\u00e1quina Orbegozo Crepes El\u00e9ctrica"},"content":{"rendered":"<p>La m\u00e1quina para crepes de Orbegozo es el aliado perfecto para sorprender a la familia y amigos con los m\u00e1s deliciosos y variados crepes dulces o salados. Con una potencia de 1000W y una superficie de cocina de 30 cm, esta m\u00e1quina es ideal para hacer desde crepes hasta tortillas, tortitas e incluso huevos.<\/p>\n","protected":false},"excerpt":{"rendered":"<p>CARACER\u00cdSTICAS<\/p>\n<p>\u2022 M\u00e1quina para crepes.<br \/>\n\u2022 Para hacer crepes, tortitas, tortillas y huevos.<br \/>\n\u2022 Superficie de cocina: 30 cm de di\u00e1metro.<br \/>\n\u2022 Superficie anti-adherente.<br \/>\n\u2022 Nivel de temperatura ajustable.<br \/>\n\u2022 Luces indicadoras. (encendido y temperatura \u00f3ptima).<br \/>\n\u2022 Pies de silicona antideslizantes para mayor estabilidad.<br \/>\n\u2022 Guarda cable.<br \/>\n\u2022 F\u00e1cil de limpiar.<br \/>\n\u2022 Esparcidor de masa para hacer crepes finos y esp\u00e1tula de madera incluidas.<br \/>\n\u2022 Borde elevado para evitar que gotee la masa.<br \/>\n\u2022 Potencia: 1000 W.<br \/>\n\u2022 Voltaje 220\/240 V~50\/60 Hz.<\/p>\n","protected":false},"featured_media":1209,"comment_status":"open","ping_status":"closed","template":"","meta":{"om_disable_all_campaigns":false,"_monsterinsights_skip_tracking":false,"_monsterinsights_sitenote_active":false,"_monsterinsights_sitenote_note":"","_monsterinsights_sitenote_category":0,"site-sidebar-layout":"default","site-content-layout":"","ast-site-content-layout":"default","site-content-style":"default","site-sidebar-style":"default","ast-global-header-display":"","ast-banner-title-visibility":"","ast-main-header-display":"","ast-hfb-above-header-display":"","ast-hfb-below-header-display":"","ast-hfb-mobile-header-display":"","site-post-title":"","ast-breadcrumbs-content":"","ast-featured-img":"","footer-sml-layout":"","theme-transparent-header-meta":"default","adv-header-id-meta":"","stick-header-meta":"","header-above-stick-meta":"","header-main-stick-meta":"","header-below-stick-meta":"","astra-migrate-meta-layouts":"set","ast-page-background-enabled":"default","ast-page-background-meta":{"desktop":{"background-color":"var(--ast-global-color-4)","background-image":"","background-repeat":"repeat","background-position":"center center","background-size":"auto","background-attachment":"scroll","background-type":"","background-media":"","overlay-type":"","overlay-color":"","overlay-gradient":""},"tablet":{"background-color":"","background-image":"","background-repeat":"repeat","background-position":"center center","background-size":"auto","background-attachment":"scroll","background-type":"","background-media":"","overlay-type":"","overlay-color":"","overlay-gradient":""},"mobile":{"background-color":"","background-image":"","background-repeat":"repeat","background-position":"center center","background-size":"auto","background-attachment":"scroll","background-type":"","background-media":"","overlay-type":"","overlay-color":"","overlay-gradient":""}},"ast-content-background-meta":{"desktop":{"background-color":"var(--ast-global-color-5)","background-image":"","background-repeat":"repeat","background-position":"center center","background-size":"auto","background-attachment":"scroll","background-type":"","background-media":"","overlay-type":"","overlay-color":"","overlay-gradient":""},"tablet":{"background-color":"var(--ast-global-color-5)","background-image":"","background-repeat":"repeat","background-position":"center center","background-size":"auto","background-attachment":"scroll","background-type":"","background-media":"","overlay-type":"","overlay-color":"","overlay-gradient":""},"mobile":{"background-color":"var(--ast-global-color-5)","background-image":"","background-repeat":"repeat","background-position":"center center","background-size":"auto","background-attachment":"scroll","background-type":"","background-media":"","overlay-type":"","overlay-color":"","overlay-gradient":""}}},"product_cat":[63],"product_tag":[],"aioseo_notices":[],"jetpack_sharing_enabled":true,"_links":{"self":[{"href":"https:\/\/lomina.es\/index.php?rest_route=\/wp\/v2\/product\/1208"}],"collection":[{"href":"https:\/\/lomina.es\/index.php?rest_route=\/wp\/v2\/product"}],"about":[{"href":"https:\/\/lomina.es\/index.php?rest_route=\/wp\/v2\/types\/product"}],"replies":[{"embeddable":true,"href":"https:\/\/lomina.es\/index.php?rest_route=%2Fwp%2Fv2%2Fcomments&post=1208"}],"wp:featuredmedia":[{"embeddable":true,"href":"https:\/\/lomina.es\/index.php?rest_route=\/wp\/v2\/media\/1209"}],"wp:attachment":[{"href":"https:\/\/lomina.es\/index.php?rest_route=%2Fwp%2Fv2%2Fmedia&parent=1208"}],"wp:term":[{"taxonomy":"product_cat","embeddable":true,"href":"https:\/\/lomina.es\/index.php?rest_route=%2Fwp%2Fv2%2Fproduct_cat&post=1208"},{"taxonomy":"product_tag","embeddable":true,"href":"https:\/\/lomina.es\/index.php?rest_route=%2Fwp%2Fv2%2Fproduct_tag&post=1208"}],"curies":[{"name":"wp","href":"https:\/\/api.w.org\/{rel}","templated":true}]}}