{"id":1130,"date":"2025-05-24T13:13:14","date_gmt":"2025-05-24T11:13:14","guid":{"rendered":"https:\/\/lomina.es\/?post_type=product&#038;p=1130"},"modified":"2026-02-02T18:33:03","modified_gmt":"2026-02-02T17:33:03","slug":"batidora-taurus-850w-batidora-de-varilla","status":"publish","type":"product","link":"https:\/\/lomina.es\/?product=batidora-taurus-850w-batidora-de-varilla","title":{"rendered":"Batidora de mano Taurus -BAPI 850W"},"content":{"rendered":"<p>La batidora de brazo Taurus BAPI850 INOX ofrece una combinaci\u00f3n ideal de potencia, funcionalidad y estilo en un dise\u00f1o compacto y elegante. Con un peso ligero de tan solo 805 gramos y un taz\u00f3n de 0,7 litros, se adapta f\u00e1cilmente a cualquier espacio de cocina. Su cable de 1,13 metros proporciona libertad de movimiento, mientras que sus componentes resistentes al agua aseguran una mayor comodidad y durabilidad en el uso diario.<\/p>\n","protected":false},"excerpt":{"rendered":"<p>CARACTER\u00cdSTICAS<\/p>\n<ul>\n<li>850W<\/li>\n<li>Motor de alto rendimiento<\/li>\n<li>Regulador de 20 velocidades ajustable<\/li>\n<li>Funci\u00f3n TURBO para conseguir la m\u00e1xima potencia<\/li>\n<li>Turbo Rotation System. Sistema mejorado de circulaci\u00f3n de los alimentos<\/li>\n<li>4 cuchillas de acero inoxidable de alto rendimiento y doble efecto: Baten y pican<\/li>\n<li>Pica hielo<\/li>\n<li>Dise\u00f1o ergon\u00f3mico con agarre soft-touch<\/li>\n<li>F\u00e1cil montaje de la varilla y los accesorios<\/li>\n<li>Varilla en acero inoxidable de alta resistencia<\/li>\n<li>Dise\u00f1o de la campana anti salpicaduras<\/li>\n<li>Batidora y accesorio libres de BPA<\/li>\n<li>Apto para lavavajillas<\/li>\n<\/ul>\n","protected":false},"featured_media":1138,"comment_status":"open","ping_status":"closed","template":"","meta":{"om_disable_all_campaigns":false,"_monsterinsights_skip_tracking":false,"_monsterinsights_sitenote_active":false,"_monsterinsights_sitenote_note":"","_monsterinsights_sitenote_category":0,"site-sidebar-layout":"default","site-content-layout":"","ast-site-content-layout":"default","site-content-style":"default","site-sidebar-style":"default","ast-global-header-display":"","ast-banner-title-visibility":"","ast-main-header-display":"","ast-hfb-above-header-display":"","ast-hfb-below-header-display":"","ast-hfb-mobile-header-display":"","site-post-title":"","ast-breadcrumbs-content":"","ast-featured-img":"","footer-sml-layout":"","theme-transparent-header-meta":"default","adv-header-id-meta":"","stick-header-meta":"","header-above-stick-meta":"","header-main-stick-meta":"","header-below-stick-meta":"","astra-migrate-meta-layouts":"set","ast-page-background-enabled":"default","ast-page-background-meta":{"desktop":{"background-color":"var(--ast-global-color-4)","background-image":"","background-repeat":"repeat","background-position":"center center","background-size":"auto","background-attachment":"scroll","background-type":"","background-media":"","overlay-type":"","overlay-color":"","overlay-gradient":""},"tablet":{"background-color":"","background-image":"","background-repeat":"repeat","background-position":"center center","background-size":"auto","background-attachment":"scroll","background-type":"","background-media":"","overlay-type":"","overlay-color":"","overlay-gradient":""},"mobile":{"background-color":"","background-image":"","background-repeat":"repeat","background-position":"center center","background-size":"auto","background-attachment":"scroll","background-type":"","background-media":"","overlay-type":"","overlay-color":"","overlay-gradient":""}},"ast-content-background-meta":{"desktop":{"background-color":"var(--ast-global-color-5)","background-image":"","background-repeat":"repeat","background-position":"center center","background-size":"auto","background-attachment":"scroll","background-type":"","background-media":"","overlay-type":"","overlay-color":"","overlay-gradient":""},"tablet":{"background-color":"var(--ast-global-color-5)","background-image":"","background-repeat":"repeat","background-position":"center center","background-size":"auto","background-attachment":"scroll","background-type":"","background-media":"","overlay-type":"","overlay-color":"","overlay-gradient":""},"mobile":{"background-color":"var(--ast-global-color-5)","background-image":"","background-repeat":"repeat","background-position":"center center","background-size":"auto","background-attachment":"scroll","background-type":"","background-media":"","overlay-type":"","overlay-color":"","overlay-gradient":""}}},"product_cat":[63],"product_tag":[],"aioseo_notices":[],"jetpack_sharing_enabled":true,"_links":{"self":[{"href":"https:\/\/lomina.es\/index.php?rest_route=\/wp\/v2\/product\/1130"}],"collection":[{"href":"https:\/\/lomina.es\/index.php?rest_route=\/wp\/v2\/product"}],"about":[{"href":"https:\/\/lomina.es\/index.php?rest_route=\/wp\/v2\/types\/product"}],"replies":[{"embeddable":true,"href":"https:\/\/lomina.es\/index.php?rest_route=%2Fwp%2Fv2%2Fcomments&post=1130"}],"wp:featuredmedia":[{"embeddable":true,"href":"https:\/\/lomina.es\/index.php?rest_route=\/wp\/v2\/media\/1138"}],"wp:attachment":[{"href":"https:\/\/lomina.es\/index.php?rest_route=%2Fwp%2Fv2%2Fmedia&parent=1130"}],"wp:term":[{"taxonomy":"product_cat","embeddable":true,"href":"https:\/\/lomina.es\/index.php?rest_route=%2Fwp%2Fv2%2Fproduct_cat&post=1130"},{"taxonomy":"product_tag","embeddable":true,"href":"https:\/\/lomina.es\/index.php?rest_route=%2Fwp%2Fv2%2Fproduct_tag&post=1130"}],"curies":[{"name":"wp","href":"https:\/\/api.w.org\/{rel}","templated":true}]}}