{"id":1119,"date":"2025-05-24T11:45:22","date_gmt":"2025-05-24T09:45:22","guid":{"rendered":"https:\/\/lomina.es\/?post_type=product&#038;p=1119"},"modified":"2026-01-31T14:00:17","modified_gmt":"2026-01-31T13:00:17","slug":"batidora-kenwood-batidora-de-mano-850w","status":"publish","type":"product","link":"https:\/\/lomina.es\/?product=batidora-kenwood-batidora-de-mano-850w","title":{"rendered":"Batidora kenwood-Batidora de mano-850w"},"content":{"rendered":"<p>Esta batidora de mano destaca por su versatilidad y alto rendimiento, gracias a su varilla de batido Triblade\u2122 XL, dise\u00f1ada para ofrecer mezclas m\u00e1s r\u00e1pidas y uniformes. Adem\u00e1s, viene equipada con todos los accesorios esenciales para que puedas dar rienda suelta a tu creatividad culinaria, incluyendo un resistente batidor de metal y un pr\u00e1ctico vaso con sistema de vertido f\u00e1cil. HBM40002WH<\/p>\n","protected":false},"excerpt":{"rendered":"<ul>\n<li class=\"ken-pdp__keyfeatures ken-keyfeatures__article swiper-slide\"><span class=\"ken-pdp__keyfeatures ken-keyfeatures__article__title\"><span class=\"ken-pdp__keyfeatures ken-keyfeatures__article__title\"><strong>Turbocompresor:<\/strong> la batidora de mano hace el trabajo duro por ti con una velocidad constante, sin importar lo que prepares. Incluye funci\u00f3n Turbo para un extra de potencia cuando la necesites.<\/span><\/span><\/li>\n<li class=\"ken-pdp__keyfeatures ken-keyfeatures__article swiper-slide\"><strong><span class=\"ken-pdp__keyfeatures ken-keyfeatures__article__title\">M\u00e1s potencia: <\/span><\/strong><span class=\"ken-pdp__keyfeatures ken-keyfeatures__article__desc\">40 % m\u00e1s de potencia con motor de 850 W que permite triturar ingredientes duros<\/span><\/li>\n<li class=\"ken-pdp__keyfeatures ken-keyfeatures__article swiper-slide\"><span class=\"ken-pdp__keyfeatures ken-keyfeatures__article__title\" style=\"font-size: 16px;\"><strong>Tecnolog\u00eda triblade:<\/strong> d<\/span><span class=\"ken-pdp__keyfeatures ken-keyfeatures__article__desc\" style=\"font-size: 16px;\">ise\u00f1ada para proporcionar excelentes resultados con cualquier cosa que hagas. Su dise\u00f1o \u00fanico garantiza que todo quede bien mezclado, sin saltarse ning\u00fan ingrediente.<\/span><\/li>\n<li class=\"ken-pdp__keyfeatures ken-keyfeatures__article swiper-slide\"><span class=\"ken-pdp__keyfeatures ken-keyfeatures__article__desc\"><strong>Suregrip touchpoint:<\/strong> para una mayor comodidad y un manejo seguro, nuestros mangos est\u00e1n dise\u00f1ados ergon\u00f3micamente para un uso frecuente y sin peligro.<\/span><\/li>\n<li class=\"ken-pdp__keyfeatures ken-keyfeatures__article swiper-slide\"><span class=\"ken-pdp__keyfeatures ken-keyfeatures__article__title\"><strong>Velocidad variable:<\/strong> p<\/span><span class=\"ken-pdp__keyfeatures ken-keyfeatures__article__desc\">uedes girar y cambiar f\u00e1cilmente el accesorio que deseas utilizar para sacarle el m\u00e1ximo partido.<\/span><\/li>\n<li class=\"ken-pdp__keyfeatures ken-keyfeatures__article swiper-slide\"><span class=\"ken-pdp__keyfeatures ken-keyfeatures__article__title\"><strong>Utensilios para lavavajillas<\/strong>: a<\/span><span class=\"ken-pdp__keyfeatures ken-keyfeatures__article__desc\">l terminar de mezclar, solo tienes que poner la varilla en el lavavajillas.<\/span><\/li>\n<\/ul>\n<div><\/div>\n","protected":false},"featured_media":1122,"comment_status":"open","ping_status":"closed","template":"","meta":{"om_disable_all_campaigns":false,"_monsterinsights_skip_tracking":false,"_monsterinsights_sitenote_active":false,"_monsterinsights_sitenote_note":"","_monsterinsights_sitenote_category":0,"site-sidebar-layout":"default","site-content-layout":"","ast-site-content-layout":"default","site-content-style":"default","site-sidebar-style":"default","ast-global-header-display":"","ast-banner-title-visibility":"","ast-main-header-display":"","ast-hfb-above-header-display":"","ast-hfb-below-header-display":"","ast-hfb-mobile-header-display":"","site-post-title":"","ast-breadcrumbs-content":"","ast-featured-img":"","footer-sml-layout":"","theme-transparent-header-meta":"default","adv-header-id-meta":"","stick-header-meta":"","header-above-stick-meta":"","header-main-stick-meta":"","header-below-stick-meta":"","astra-migrate-meta-layouts":"set","ast-page-background-enabled":"default","ast-page-background-meta":{"desktop":{"background-color":"var(--ast-global-color-4)","background-image":"","background-repeat":"repeat","background-position":"center center","background-size":"auto","background-attachment":"scroll","background-type":"","background-media":"","overlay-type":"","overlay-color":"","overlay-gradient":""},"tablet":{"background-color":"","background-image":"","background-repeat":"repeat","background-position":"center center","background-size":"auto","background-attachment":"scroll","background-type":"","background-media":"","overlay-type":"","overlay-color":"","overlay-gradient":""},"mobile":{"background-color":"","background-image":"","background-repeat":"repeat","background-position":"center center","background-size":"auto","background-attachment":"scroll","background-type":"","background-media":"","overlay-type":"","overlay-color":"","overlay-gradient":""}},"ast-content-background-meta":{"desktop":{"background-color":"var(--ast-global-color-5)","background-image":"","background-repeat":"repeat","background-position":"center center","background-size":"auto","background-attachment":"scroll","background-type":"","background-media":"","overlay-type":"","overlay-color":"","overlay-gradient":""},"tablet":{"background-color":"var(--ast-global-color-5)","background-image":"","background-repeat":"repeat","background-position":"center center","background-size":"auto","background-attachment":"scroll","background-type":"","background-media":"","overlay-type":"","overlay-color":"","overlay-gradient":""},"mobile":{"background-color":"var(--ast-global-color-5)","background-image":"","background-repeat":"repeat","background-position":"center center","background-size":"auto","background-attachment":"scroll","background-type":"","background-media":"","overlay-type":"","overlay-color":"","overlay-gradient":""}}},"product_cat":[63],"product_tag":[],"aioseo_notices":[],"jetpack_sharing_enabled":true,"_links":{"self":[{"href":"https:\/\/lomina.es\/index.php?rest_route=\/wp\/v2\/product\/1119"}],"collection":[{"href":"https:\/\/lomina.es\/index.php?rest_route=\/wp\/v2\/product"}],"about":[{"href":"https:\/\/lomina.es\/index.php?rest_route=\/wp\/v2\/types\/product"}],"replies":[{"embeddable":true,"href":"https:\/\/lomina.es\/index.php?rest_route=%2Fwp%2Fv2%2Fcomments&post=1119"}],"wp:featuredmedia":[{"embeddable":true,"href":"https:\/\/lomina.es\/index.php?rest_route=\/wp\/v2\/media\/1122"}],"wp:attachment":[{"href":"https:\/\/lomina.es\/index.php?rest_route=%2Fwp%2Fv2%2Fmedia&parent=1119"}],"wp:term":[{"taxonomy":"product_cat","embeddable":true,"href":"https:\/\/lomina.es\/index.php?rest_route=%2Fwp%2Fv2%2Fproduct_cat&post=1119"},{"taxonomy":"product_tag","embeddable":true,"href":"https:\/\/lomina.es\/index.php?rest_route=%2Fwp%2Fv2%2Fproduct_tag&post=1119"}],"curies":[{"name":"wp","href":"https:\/\/api.w.org\/{rel}","templated":true}]}}