{"id":1083,"date":"2025-05-21T21:19:11","date_gmt":"2025-05-21T19:19:11","guid":{"rendered":"https:\/\/lomina.es\/?post_type=product&#038;p=1083"},"modified":"2025-05-21T22:14:48","modified_gmt":"2025-05-21T20:14:48","slug":"batidora-moulinex-batidora-de-mano-de-1000-w","status":"publish","type":"product","link":"https:\/\/lomina.es\/?product=batidora-moulinex-batidora-de-mano-de-1000-w","title":{"rendered":"Batidora Moulinex &#8211; Batidora de Mano de 1000 W"},"content":{"rendered":"<p>La batidora de mano Moulinex QuickChef DD65AD10 te ofrece un rendimiento potente y preciso gracias a sus 1.000 W de potencia y sus 10 velocidades ajustables, adem\u00e1s de una funci\u00f3n Turbo para resultados a\u00fan m\u00e1s r\u00e1pidos y eficientes. Equipada con dos cuchillas de acero inoxidable de alta resistencia, permite batir, mezclar y triturar con facilidad. Incluye un pr\u00e1ctico vaso dosificador de 800 ml, ideal para preparar todo tipo de recetas con comodidad y precisi\u00f3n.<\/p>\n","protected":false},"excerpt":{"rendered":"<p>CARACTER\u00cdSTICAS<\/p>\n<ul>\n<li>Gran potencia, m\u00ednimo esfuerzo.<\/li>\n<li>Con la batidora de varillas Quickchef de Moulinex disfrutar\u00e1s de una potencia \u00f3ptima sin hacer ning\u00fan esfuerzo.<\/li>\n<li>Prepara f\u00e1cilmente una gran variedad de platos en un instante gracias al motor de alto rendimiento de 1000 W.<\/li>\n<li>Mant\u00e9n siempre el control con las 10 velocidades que pueden regularse con un bot\u00f3n intuitivo y f\u00e1cil de usar sin necesidad de parar la batidora.<\/li>\n<li>La protecci\u00f3n antisalpicaduras y el mango antideslizante de esta batidora de varillas le confieren una gran comodidad de uso<\/li>\n<li>Piezas, aptas para el lavavajillas, facilitan su limpieza.<\/li>\n<li>10 velocidades + funci\u00f3n Turbo.<\/li>\n<li>Vaso dosificador (capacidad 800 ml).<\/li>\n<li>2 cuchillas de acero inoxidable.<\/li>\n<li>Pie antisalpicaduras. Mango ergon\u00f3mico<\/li>\n<li>Potencia: 1000 W.<\/li>\n<\/ul>\n","protected":false},"featured_media":1087,"comment_status":"open","ping_status":"closed","template":"","meta":{"om_disable_all_campaigns":false,"_monsterinsights_skip_tracking":false,"_monsterinsights_sitenote_active":false,"_monsterinsights_sitenote_note":"","_monsterinsights_sitenote_category":0,"site-sidebar-layout":"default","site-content-layout":"","ast-site-content-layout":"default","site-content-style":"default","site-sidebar-style":"default","ast-global-header-display":"","ast-banner-title-visibility":"","ast-main-header-display":"","ast-hfb-above-header-display":"","ast-hfb-below-header-display":"","ast-hfb-mobile-header-display":"","site-post-title":"","ast-breadcrumbs-content":"","ast-featured-img":"","footer-sml-layout":"","theme-transparent-header-meta":"default","adv-header-id-meta":"","stick-header-meta":"","header-above-stick-meta":"","header-main-stick-meta":"","header-below-stick-meta":"","astra-migrate-meta-layouts":"set","ast-page-background-enabled":"default","ast-page-background-meta":{"desktop":{"background-color":"var(--ast-global-color-4)","background-image":"","background-repeat":"repeat","background-position":"center center","background-size":"auto","background-attachment":"scroll","background-type":"","background-media":"","overlay-type":"","overlay-color":"","overlay-gradient":""},"tablet":{"background-color":"","background-image":"","background-repeat":"repeat","background-position":"center center","background-size":"auto","background-attachment":"scroll","background-type":"","background-media":"","overlay-type":"","overlay-color":"","overlay-gradient":""},"mobile":{"background-color":"","background-image":"","background-repeat":"repeat","background-position":"center center","background-size":"auto","background-attachment":"scroll","background-type":"","background-media":"","overlay-type":"","overlay-color":"","overlay-gradient":""}},"ast-content-background-meta":{"desktop":{"background-color":"var(--ast-global-color-5)","background-image":"","background-repeat":"repeat","background-position":"center center","background-size":"auto","background-attachment":"scroll","background-type":"","background-media":"","overlay-type":"","overlay-color":"","overlay-gradient":""},"tablet":{"background-color":"var(--ast-global-color-5)","background-image":"","background-repeat":"repeat","background-position":"center center","background-size":"auto","background-attachment":"scroll","background-type":"","background-media":"","overlay-type":"","overlay-color":"","overlay-gradient":""},"mobile":{"background-color":"var(--ast-global-color-5)","background-image":"","background-repeat":"repeat","background-position":"center center","background-size":"auto","background-attachment":"scroll","background-type":"","background-media":"","overlay-type":"","overlay-color":"","overlay-gradient":""}}},"product_cat":[63],"product_tag":[],"aioseo_notices":[],"jetpack_sharing_enabled":true,"_links":{"self":[{"href":"https:\/\/lomina.es\/index.php?rest_route=\/wp\/v2\/product\/1083"}],"collection":[{"href":"https:\/\/lomina.es\/index.php?rest_route=\/wp\/v2\/product"}],"about":[{"href":"https:\/\/lomina.es\/index.php?rest_route=\/wp\/v2\/types\/product"}],"replies":[{"embeddable":true,"href":"https:\/\/lomina.es\/index.php?rest_route=%2Fwp%2Fv2%2Fcomments&post=1083"}],"wp:featuredmedia":[{"embeddable":true,"href":"https:\/\/lomina.es\/index.php?rest_route=\/wp\/v2\/media\/1087"}],"wp:attachment":[{"href":"https:\/\/lomina.es\/index.php?rest_route=%2Fwp%2Fv2%2Fmedia&parent=1083"}],"wp:term":[{"taxonomy":"product_cat","embeddable":true,"href":"https:\/\/lomina.es\/index.php?rest_route=%2Fwp%2Fv2%2Fproduct_cat&post=1083"},{"taxonomy":"product_tag","embeddable":true,"href":"https:\/\/lomina.es\/index.php?rest_route=%2Fwp%2Fv2%2Fproduct_tag&post=1083"}],"curies":[{"name":"wp","href":"https:\/\/api.w.org\/{rel}","templated":true}]}}